{"id":6417,"date":"2024-10-09T17:46:45","date_gmt":"2024-10-09T15:46:45","guid":{"rendered":"https:\/\/www.ras-feuerfest.de\/shop\/product\/brennkammer-schamotte-sonderzusammenstellung\/"},"modified":"2024-10-10T13:44:38","modified_gmt":"2024-10-10T11:44:38","slug":"brennkammer-schamotte-sonderzusammenstellung","status":"publish","type":"product","link":"https:\/\/www.ras-feuerfest.de\/shop\/produkt\/brennkammer-schamotte-sonderzusammenstellung\/","title":{"rendered":"Brennkammer Schamotte  Sonderzusammenstellung"},"content":{"rendered":"<p>Sonderartikel\/Zuschnitte und Preise nach Absprache<\/p>\n<p><span style=\"font-weight: bold;\"><span style=\"font-style: italic;\"><span style=\"color: rgb(255, 102, 0);\"><font size=\"3\">Diesen Artikel nur bestellen wenn Sie von uns ein entsprechendes Angebot erhalten haben!<\/font><\/span><\/span><\/span><\/p>\n<p><span style=\"color:#0734e8;\"><span style=\"font-size:14px;\">Geben Sie uns folgende Ma\u00dfe auf damit wir Ihnen ein Angebot unterbreiten k\u00f6nnen:<\/p>\n<p>Die Brennraumbreite, Tiefe, und die H\u00f6he, sowie die H\u00f6he von der Roste (Boden) bis Mitte den Brenners.<br \/>\nDie Leistung des Kessels, eventuell auch den Kesseltyp.<\/span><br \/>\n<font size=\"3\"><span style=\"font-size:14px;\">Au\u00dferdem ob es Sich um einen Stahl oder Gu\u00dfheizkessel handelt.<\/span><\/font><\/span><br \/>\n&nbsp;<\/p>\n<p><span style=\"font-size:12px;\"><font color=\"#333333\" face=\"Verdana\">Schamottebrennkammer f\u00fcr \u00d6l- und Gasheizkessel. Mit dem Brennkammersystem bauen Sie einen zus\u00e4tzlichen Zug&nbsp;in den Brennraum des Kessels ein.&nbsp;Durch die vorgegebenen Abgasschlitze&nbsp;werden die&nbsp;Abgase&nbsp;gezwungen sich direkt&nbsp; an den wasserf\u00fchrenden&nbsp;Kesselw\u00e4nden abzuk\u00fchlen. Sie erreichen dadurch eine geringere Abgastemperatur und Energie ersparniss.&nbsp;Au\u00dfderdem speichern die Steine&nbsp; die W\u00e4rme w\u00e4hrend des Brennerbetriebs und erm\u00f6glichen somit l\u00e4ngere Stillstandzeiten und eine Energieersparnis.&nbsp;Sie erreichen&nbsp;durch den Einsatz des Brennkammers\u00fdstem&nbsp;einen besseren Ausbrand der Flamme. Die Formsteine haben eine hohe Anwendungstemperatur und eine sehr gute Temperatur-wechselbest\u00e4ndigkeit.<\/font><\/span><\/p>\n<p>Brennkammer Schamotte  Sonderzusammenstellung<\/p>\n","protected":false},"excerpt":{"rendered":"<p>Sonderartikel\/Zuschnitte und Preise nach Absprache Diesen Artikel nur bestellen wenn Sie von uns ein entsprechendes Angebot erhalten haben! Geben Sie uns folgende Ma\u00dfe auf damit wir Ihnen ein Angebot unterbreiten k\u00f6nnen: Die Brennraumbreite, Tiefe, und die H\u00f6he, sowie die H\u00f6he von der Roste (Boden) bis Mitte den Brenners. Die Leistung des Kessels, eventuell auch den [&hellip;]<\/p>\n","protected":false},"featured_media":6418,"comment_status":"closed","ping_status":"open","template":"","meta":{"_acf_changed":false},"product_safety_overall":[],"product_brand":[],"product_cat":[1942,1979,2013],"product_tag":[656,657,658,659],"class_list":{"0":"post-6417","1":"product","2":"type-product","3":"status-publish","4":"has-post-thumbnail","6":"product_cat-steine-massen-moertel","7":"product_cat-schamottesteine","8":"product_cat-schamottesteine-schamotte-brennkammer","9":"product_tag-schamotte","10":"product_tag-schamottebrennkammer","11":"product_tag-brennkammer-heizkessel","12":"product_tag-brennkammer-oelheizkessel","14":"first","15":"instock","16":"taxable","17":"shipping-taxable","18":"product-type-simple"},"acf":[],"_links":{"self":[{"href":"https:\/\/www.ras-feuerfest.de\/shop\/wp-json\/wp\/v2\/product\/6417","targetHints":{"allow":["GET"]}}],"collection":[{"href":"https:\/\/www.ras-feuerfest.de\/shop\/wp-json\/wp\/v2\/product"}],"about":[{"href":"https:\/\/www.ras-feuerfest.de\/shop\/wp-json\/wp\/v2\/types\/product"}],"replies":[{"embeddable":true,"href":"https:\/\/www.ras-feuerfest.de\/shop\/wp-json\/wp\/v2\/comments?post=6417"}],"wp:featuredmedia":[{"embeddable":true,"href":"https:\/\/www.ras-feuerfest.de\/shop\/wp-json\/wp\/v2\/media\/6418"}],"wp:attachment":[{"href":"https:\/\/www.ras-feuerfest.de\/shop\/wp-json\/wp\/v2\/media?parent=6417"}],"wp:term":[{"taxonomy":"product_safety_overall","embeddable":true,"href":"https:\/\/www.ras-feuerfest.de\/shop\/wp-json\/wp\/v2\/product_safety_overall?post=6417"},{"taxonomy":"product_brand","embeddable":true,"href":"https:\/\/www.ras-feuerfest.de\/shop\/wp-json\/wp\/v2\/product_brand?post=6417"},{"taxonomy":"product_cat","embeddable":true,"href":"https:\/\/www.ras-feuerfest.de\/shop\/wp-json\/wp\/v2\/product_cat?post=6417"},{"taxonomy":"product_tag","embeddable":true,"href":"https:\/\/www.ras-feuerfest.de\/shop\/wp-json\/wp\/v2\/product_tag?post=6417"}],"curies":[{"name":"wp","href":"https:\/\/api.w.org\/{rel}","templated":true}]}}