{"id":6421,"date":"2024-10-09T17:46:45","date_gmt":"2024-10-09T15:46:45","guid":{"rendered":"https:\/\/www.ras-feuerfest.de\/shop\/product\/ft-schornsteinrohre-aus-schamotte-sr180\/"},"modified":"2024-10-10T13:44:42","modified_gmt":"2024-10-10T11:44:42","slug":"ft-schornsteinrohre-aus-schamotte-sr180","status":"publish","type":"product","link":"https:\/\/www.ras-feuerfest.de\/shop\/produkt\/ft-schornsteinrohre-aus-schamotte-sr180\/","title":{"rendered":"FT Schornsteinrohre aus Schamotte  SR180"},"content":{"rendered":"<p><font size=\"3\">Schornsteinrohre aus hochfeuerfester Schamotte mit Nut und Feder<\/p>\n<p><span style=\"TEXT-DECORATION: underline\">Ma\u00dfe:<\/span><br \/>\ninnen Durchmesser&nbsp;&nbsp; = 180 mm<br \/>\nau\u00dfen Durchmesser = 220 mm<br \/>\nL\u00e4nge = 330 mm ca.<\/font><\/p>\n<p>FT Schornsteinrohre aus Schamotte  SR180<\/p>\n","protected":false},"excerpt":{"rendered":"<p>Schornsteinrohre aus hochfeuerfester Schamotte mit Nut und Feder Ma\u00dfe: innen Durchmesser&nbsp;&nbsp; = 180 mm au\u00dfen Durchmesser = 220 mm L\u00e4nge = 330 mm ca. FT Schornsteinrohre aus Schamotte SR180<\/p>\n","protected":false},"featured_media":6420,"comment_status":"closed","ping_status":"open","template":"","meta":{"_acf_changed":false},"product_safety_overall":[],"product_brand":[],"product_cat":[1942,2014,2018],"product_tag":[660,661,662],"class_list":{"0":"post-6421","1":"product","2":"type-product","3":"status-publish","4":"has-post-thumbnail","6":"product_cat-steine-massen-moertel","7":"product_cat-schornsteinerohre-schamotte","8":"product_cat-schornsteinerohre-schamotte-schornsteinrohre","9":"product_tag-keramische-schornsteinrohre","10":"product_tag-schamotterohre","11":"product_tag-schamotte-anschlussstutzen","13":"first","14":"instock","15":"taxable","16":"shipping-taxable","17":"purchasable","18":"product-type-simple"},"acf":[],"_links":{"self":[{"href":"https:\/\/www.ras-feuerfest.de\/shop\/wp-json\/wp\/v2\/product\/6421","targetHints":{"allow":["GET"]}}],"collection":[{"href":"https:\/\/www.ras-feuerfest.de\/shop\/wp-json\/wp\/v2\/product"}],"about":[{"href":"https:\/\/www.ras-feuerfest.de\/shop\/wp-json\/wp\/v2\/types\/product"}],"replies":[{"embeddable":true,"href":"https:\/\/www.ras-feuerfest.de\/shop\/wp-json\/wp\/v2\/comments?post=6421"}],"wp:featuredmedia":[{"embeddable":true,"href":"https:\/\/www.ras-feuerfest.de\/shop\/wp-json\/wp\/v2\/media\/6420"}],"wp:attachment":[{"href":"https:\/\/www.ras-feuerfest.de\/shop\/wp-json\/wp\/v2\/media?parent=6421"}],"wp:term":[{"taxonomy":"product_safety_overall","embeddable":true,"href":"https:\/\/www.ras-feuerfest.de\/shop\/wp-json\/wp\/v2\/product_safety_overall?post=6421"},{"taxonomy":"product_brand","embeddable":true,"href":"https:\/\/www.ras-feuerfest.de\/shop\/wp-json\/wp\/v2\/product_brand?post=6421"},{"taxonomy":"product_cat","embeddable":true,"href":"https:\/\/www.ras-feuerfest.de\/shop\/wp-json\/wp\/v2\/product_cat?post=6421"},{"taxonomy":"product_tag","embeddable":true,"href":"https:\/\/www.ras-feuerfest.de\/shop\/wp-json\/wp\/v2\/product_tag?post=6421"}],"curies":[{"name":"wp","href":"https:\/\/api.w.org\/{rel}","templated":true}]}}