{"id":6443,"date":"2024-10-09T17:46:57","date_gmt":"2024-10-09T15:46:57","guid":{"rendered":"https:\/\/www.ras-feuerfest.de\/shop\/product\/ft-grillkamin-rueckwandplatte-550x450x45-mm\/"},"modified":"2024-10-10T13:43:38","modified_gmt":"2024-10-10T11:43:38","slug":"ft-grillkamin-rueckwandplatte-550x450x45-mm","status":"publish","type":"product","link":"https:\/\/www.ras-feuerfest.de\/shop\/produkt\/ft-grillkamin-rueckwandplatte-550x450x45-mm\/","title":{"rendered":"FT-Grillkamin R\u00fcckwandplatte 550x450x45 mm"},"content":{"rendered":"<p><font size=\"3\"><span style=\"FONT-STYLE: italic\">Die Formsteine werden aus einer hochfeuerfesten R\u00fcttelgie\u00dfmasse<\/span><\/font><br \/>\n<font size=\"3\"><span style=\"FONT-STYLE: italic\">bis 1400 \u00b0C (wei\u00df\/grau)<\/span><\/font><\/p>\n<p>\n<u><font size=\"3\"><span style=\"text-decoration: underline;\"><span style=\"TEXT-DECORATION: underline\">Ma\u00dfe: <\/span><\/span><\/font><\/u><br \/>\nBreite: 550 mm<br \/>\nH\u00f6he:&nbsp; 450 mm<br \/>\nDicke:&nbsp;&nbsp;&nbsp; 45 mm<\/p>\n<p>&nbsp;<\/p>\n<p>&nbsp;<\/p>\n<p>FT-Grillkamin R\u00fcckwandplatte 550x450x45 mm<\/p>\n","protected":false},"excerpt":{"rendered":"<p>Die Formsteine werden aus einer hochfeuerfesten R\u00fcttelgie\u00dfmasse bis 1400 \u00b0C (wei\u00df\/grau) Ma\u00dfe: Breite: 550 mm H\u00f6he:&nbsp; 450 mm Dicke:&nbsp;&nbsp;&nbsp; 45 mm &nbsp; &nbsp; FT-Grillkamin R\u00fcckwandplatte 550x450x45 mm<\/p>\n","protected":false},"featured_media":6444,"comment_status":"closed","ping_status":"open","template":"","meta":{"_acf_changed":false},"product_safety_overall":[],"product_brand":[],"product_cat":[1942,1949,1951],"product_tag":[664,665,666],"class_list":{"0":"post-6443","1":"product","2":"type-product","3":"status-publish","4":"has-post-thumbnail","6":"product_cat-steine-massen-moertel","7":"product_cat-grillkamineinsaetze","8":"product_cat-grillkamin","9":"product_tag-grillkamineinsatz","10":"product_tag-feuerfester-grillkamineinsatz","11":"product_tag-grillkaminseitenplatten","13":"first","14":"instock","15":"taxable","16":"shipping-taxable","17":"purchasable","18":"product-type-simple"},"acf":[],"_links":{"self":[{"href":"https:\/\/www.ras-feuerfest.de\/shop\/wp-json\/wp\/v2\/product\/6443","targetHints":{"allow":["GET"]}}],"collection":[{"href":"https:\/\/www.ras-feuerfest.de\/shop\/wp-json\/wp\/v2\/product"}],"about":[{"href":"https:\/\/www.ras-feuerfest.de\/shop\/wp-json\/wp\/v2\/types\/product"}],"replies":[{"embeddable":true,"href":"https:\/\/www.ras-feuerfest.de\/shop\/wp-json\/wp\/v2\/comments?post=6443"}],"wp:featuredmedia":[{"embeddable":true,"href":"https:\/\/www.ras-feuerfest.de\/shop\/wp-json\/wp\/v2\/media\/6444"}],"wp:attachment":[{"href":"https:\/\/www.ras-feuerfest.de\/shop\/wp-json\/wp\/v2\/media?parent=6443"}],"wp:term":[{"taxonomy":"product_safety_overall","embeddable":true,"href":"https:\/\/www.ras-feuerfest.de\/shop\/wp-json\/wp\/v2\/product_safety_overall?post=6443"},{"taxonomy":"product_brand","embeddable":true,"href":"https:\/\/www.ras-feuerfest.de\/shop\/wp-json\/wp\/v2\/product_brand?post=6443"},{"taxonomy":"product_cat","embeddable":true,"href":"https:\/\/www.ras-feuerfest.de\/shop\/wp-json\/wp\/v2\/product_cat?post=6443"},{"taxonomy":"product_tag","embeddable":true,"href":"https:\/\/www.ras-feuerfest.de\/shop\/wp-json\/wp\/v2\/product_tag?post=6443"}],"curies":[{"name":"wp","href":"https:\/\/api.w.org\/{rel}","templated":true}]}}