{"id":6513,"date":"2024-10-09T17:47:28","date_gmt":"2024-10-09T15:47:28","guid":{"rendered":"https:\/\/www.ras-feuerfest.de\/shop\/product\/ft-backofen-pizza-flammkuchen-platte-high-qs-500x300x30\/"},"modified":"2024-11-18T16:20:58","modified_gmt":"2024-11-18T15:20:58","slug":"ft-backofen-pizza-flammkuchen-platte-high-qs-500x300x30","status":"publish","type":"product","link":"https:\/\/www.ras-feuerfest.de\/shop\/produkt\/ft-backofen-pizza-flammkuchen-platte-high-qs-500x300x30\/","title":{"rendered":"FT Backofen\/ Pizza\/ Flammkuchen Platte HIGH-QS  500x300x30"},"content":{"rendered":"<p><span style=\"background-color: rgb(255, 255, 0);\"><span style=\"color: rgb(255, 0, 0);\"><span style=\"font-weight: bold;\"><font size=\"3\"><span style=\"FONT-FAMILY: Verdana\"><font size=\"5\"><span style=\"font-weight: bold;\"><font size=\"3\"><span style=\"FONT-FAMILY: Verdana\"><font size=\"5\">Die NEUE High-Qs <\/font><\/span><\/font><\/span><\/font><\/span><\/font><\/span><\/span><\/span><span style=\"FONT-WEIGHT: bold; COLOR: rgb(153,51,0)\"><font size=\"3\"><span style=\"FONT-FAMILY: Verdana\"><span style=\"COLOR: rgb(255,0,0)\"><font size=\"5\"><span style=\"background-color: rgb(255, 255, 0);\">Qualit\u00e4t jetzt mit noch besserer Speicherf\u00e4higkeit!&#8230;&#8230;&#8230;&#8230;&#8230;&#8230;..<br \/>\nf\u00fcr Ihre optimalen Backergebnisse.<\/span><\/font><\/span><\/p>\n<p><span style=\"color: rgb(255, 102, 0);\">So wird aus Ihrem Elektro- oder Gasbackofen<br \/>\ngewisserma\u00dfen ein Steinbackofen.<br \/>\nNun wird auch Ihre Pizza sch\u00f6n<br \/>\nknusprig&#8230;&#8230;..wie aus einem Steinbackofen<\/span><\/span><\/font><\/span><\/p>\n<p><span style=\"color: rgb(255, 102, 0);\"><span style=\"font-weight: bold;\"><font size=\"3\"><span style=\"FONT-FAMILY: Verdana\">Sie k\u00f6nnen die Platten auch f\u00fcr Steinback\u00f6fen<br \/>\noder auch in Gass-, Holzkohle Grills (Kugelgrill)<br \/>\nverwenden.<\/span><\/font><\/span><\/span><\/p>\n<p><span style=\"FONT-WEIGHT: bold; COLOR: rgb(153,51,0)\"><font size=\"3\"><span style=\"FONT-FAMILY: Verdana\"><span style=\"FONT-STYLE: italic\"><span style=\"TEXT-DECORATION: underline\">Der Gebrauch ist kinderleicht: <\/span><\/span><\/span><\/font><\/span><br \/>\n<span style=\"COLOR: rgb(153,51,0)\"><font size=\"3\"><span style=\"FONT-FAMILY: Verdana\"><span style=\"COLOR: rgb(51,51,153)\"><font size=\"2\"><span style=\"COLOR: rgb(51,51,51); FONT-STYLE: italic\">Legen Sie die Pizzaplatte auf eine Gitterroste und heizen<\/span><\/font><\/span><\/span><\/font><\/span><br \/>\n<span style=\"COLOR: rgb(153,51,0)\"><font size=\"3\"><span style=\"FONT-FAMILY: Verdana\"><font size=\"2\" style=\"COLOR: rgb(51,51,51)\"><span style=\"FONT-STYLE: italic\">sie diese mindestens 30 Minuten bei 250 \u00b0C oder h\u00f6her<\/span><br style=\"FONT-STYLE: italic\" \/><br \/>\n<span style=\"FONT-STYLE: italic\">auf und legen dann das Backgut z.B. eine Pizza&#8230;&#8230;<\/span><br style=\"FONT-STYLE: italic\" \/><br \/>\n<span style=\"FONT-STYLE: italic\">einen Flammkuchen&#8230;..usw. auf die Backplatte.<\/span><br style=\"FONT-STYLE: italic\" \/><br \/>\n<span style=\"FONT-STYLE: italic\">Sie k\u00f6nnen den Backofen jetzt kleiner einstellen <\/span><br style=\"FONT-STYLE: italic\" \/><br \/>\n<span style=\"FONT-STYLE: italic\">oder auch ganz ausstellen. Durch die vorgeheizte<\/span><br style=\"FONT-STYLE: italic\" \/><br \/>\n<span style=\"FONT-STYLE: italic\">Backofenplatte wird nun das Backgut von unten<\/span><br style=\"FONT-STYLE: italic\" \/><br \/>\n<span style=\"FONT-STYLE: italic\">sch\u00f6n knusprig gebacken.<\/span><br style=\"FONT-STYLE: italic\" \/><br \/>\n<br style=\"FONT-STYLE: italic\" \/><br \/>\n<span style=\"FONT-STYLE: italic\">Sie k\u00f6nnen die Backplatte nat\u00fcrlich auch zum backen<\/span><br style=\"FONT-STYLE: italic\" \/><br \/>\n<span style=\"FONT-STYLE: italic\">von Brot oder Br\u00f6tchen benutzen, m\u00fcssen jedoch bei <\/span><br style=\"FONT-STYLE: italic\" \/><br \/>\n<span style=\"FONT-STYLE: italic\">der Temperaturregelung die deutlich h\u00f6here Backzeit<\/span><br style=\"FONT-STYLE: italic\" \/><br \/>\n<span style=\"FONT-STYLE: italic\">ber\u00fccksichtigen.<\/span><\/p>\n<p><span style=\"COLOR: rgb(153,51,0)\"><font size=\"3\"><span style=\"color: rgb(255, 102, 0);\"><span style=\"FONT-WEIGHT: bold\">Die Pizzaplatte wurde aus sehr hochwertiger<\/span><br style=\"FONT-WEIGHT: bold\" \/><br \/>\n<span style=\"FONT-WEIGHT: bold\">Schamotte in einem trocken Pressverfahren<br \/>\nhergestellt und sind allseitig glatt<br \/>\nDie Pizzaplatte ist <\/span><span style=\"FONT-WEIGHT: bold\">extrem speicherf\u00e4hig.<br \/>\nDie Platte ist gesund<\/span><span style=\"FONT-WEIGHT: bold\">heitlich absolut unbedenklich<\/span>.<\/span><\/font><\/span><\/font><\/span><\/font><\/span><\/p>\n<p><span style=\"COLOR: rgb(153,51,0)\"><font size=\"3\"><span style=\"FONT-FAMILY: Verdana\"><font size=\"2\" style=\"COLOR: rgb(51,51,51)\"><span style=\"COLOR: rgb(153,51,0)\"><font size=\"3\"><span style=\"COLOR: rgb(51,51,51)\"><span style=\"FONT-WEIGHT: bold\"><span style=\"COLOR: rgb(51,153,102)\"><span style=\"FONT-WEIGHT: bold\">~~~~~~~~~~~~~~~~~~~~~~~~~~~~~~~~~~~~~~~~~~~~~~~<br \/>\n<span style=\"COLOR: rgb(255,0,0)\"><span style=\"FONT-WEIGHT: bold\"><span style=\"COLOR: rgb(51,153,102)\"><span style=\"FONT-WEIGHT: bold\">Wollen Sie anderen netten Menschen eine Freude machen oder suchen<br \/>\nein n\u00fctzliches Geschenk, zum Geburtstag, weihnachten oder einfach nur mal so<br \/>\neinen lieben netten Mensch mit einer n\u00fctzlich Sache beschenken.<br \/>\n?&#8230;&#8230;&#8230;&#8230;..dann ist die Pizzabackplatte genau das richtige!<\/span><\/span><\/span><\/span><\/span><\/span><\/span><\/span><\/font><\/span><\/font><\/span><\/font><\/span><\/p>\n<p><font size=\"3\"><span style=\"COLOR: rgb(153,51,0)\"><font size=\"3\"><span style=\"FONT-FAMILY: Verdana\"><font size=\"2\" style=\"COLOR: rgb(51,51,51)\"><span style=\"COLOR: rgb(153,51,0)\"><font size=\"3\"><span style=\"COLOR: rgb(51,51,51)\"><span style=\"FONT-WEIGHT: bold\"><span style=\"COLOR: rgb(51,153,102)\"><span style=\"FONT-WEIGHT: bold\">&#8230;&#8230;&#8230;..machen Sie auch anderen eine gro\u00dfe Freude!Beachten Sie die<\/span><\/span><\/span><\/span><\/font><\/span><\/font><\/span><\/font><\/span><\/font><\/p>\n<p>FT Backofen\/Pizza\/Flammkuchen Platte HIGH-QS  500x300x30<\/p>\n","protected":false},"excerpt":{"rendered":"<p>Die NEUE High-Qs Qualit\u00e4t jetzt mit noch besserer Speicherf\u00e4higkeit!&#8230;&#8230;&#8230;&#8230;&#8230;&#8230;.. f\u00fcr Ihre optimalen Backergebnisse. So wird aus Ihrem Elektro- oder Gasbackofen gewisserma\u00dfen ein Steinbackofen. Nun wird auch Ihre Pizza sch\u00f6n knusprig&#8230;&#8230;..wie aus einem Steinbackofen Sie k\u00f6nnen die Platten auch f\u00fcr Steinback\u00f6fen oder auch in Gass-, Holzkohle Grills (Kugelgrill) verwenden. Der Gebrauch ist kinderleicht: Legen Sie die [&hellip;]<\/p>\n","protected":false},"featured_media":6497,"comment_status":"closed","ping_status":"closed","template":"","meta":{"_acf_changed":false},"product_safety_overall":[],"product_brand":[],"product_cat":[1770,1771,1773],"product_tag":[670,671,672,673],"class_list":{"0":"post-6513","1":"product","2":"type-product","3":"status-publish","4":"has-post-thumbnail","6":"product_cat-backplatten-steinbackofeneinsaetze","7":"product_cat-schamottesteine-backplatten-pizza-flammkuchen-brot","8":"product_cat-schamottesteine-backplatten-pizza-flammkuchen-brot-backofenplatte-high-qs","9":"product_tag-backplatten-aus-schmaotte","10":"product_tag-schamottebackplatten","11":"product_tag-flammkuchenplatten","12":"product_tag-pizzabackplatten","14":"first","15":"instock","16":"taxable","17":"shipping-taxable","18":"purchasable","19":"product-type-simple"},"acf":[],"_links":{"self":[{"href":"https:\/\/www.ras-feuerfest.de\/shop\/wp-json\/wp\/v2\/product\/6513","targetHints":{"allow":["GET"]}}],"collection":[{"href":"https:\/\/www.ras-feuerfest.de\/shop\/wp-json\/wp\/v2\/product"}],"about":[{"href":"https:\/\/www.ras-feuerfest.de\/shop\/wp-json\/wp\/v2\/types\/product"}],"replies":[{"embeddable":true,"href":"https:\/\/www.ras-feuerfest.de\/shop\/wp-json\/wp\/v2\/comments?post=6513"}],"wp:featuredmedia":[{"embeddable":true,"href":"https:\/\/www.ras-feuerfest.de\/shop\/wp-json\/wp\/v2\/media\/6497"}],"wp:attachment":[{"href":"https:\/\/www.ras-feuerfest.de\/shop\/wp-json\/wp\/v2\/media?parent=6513"}],"wp:term":[{"taxonomy":"product_safety_overall","embeddable":true,"href":"https:\/\/www.ras-feuerfest.de\/shop\/wp-json\/wp\/v2\/product_safety_overall?post=6513"},{"taxonomy":"product_brand","embeddable":true,"href":"https:\/\/www.ras-feuerfest.de\/shop\/wp-json\/wp\/v2\/product_brand?post=6513"},{"taxonomy":"product_cat","embeddable":true,"href":"https:\/\/www.ras-feuerfest.de\/shop\/wp-json\/wp\/v2\/product_cat?post=6513"},{"taxonomy":"product_tag","embeddable":true,"href":"https:\/\/www.ras-feuerfest.de\/shop\/wp-json\/wp\/v2\/product_tag?post=6513"}],"curies":[{"name":"wp","href":"https:\/\/api.w.org\/{rel}","templated":true}]}}