{"id":6522,"date":"2024-10-09T17:47:28","date_gmt":"2024-10-09T15:47:28","guid":{"rendered":"https:\/\/www.ras-feuerfest.de\/shop\/product\/ft-steinbackofengewoelbe-sgb1100-1500\/"},"modified":"2024-10-10T13:40:41","modified_gmt":"2024-10-10T11:40:41","slug":"ft-steinbackofengewoelbe-sgb1100-1500","status":"publish","type":"product","link":"https:\/\/www.ras-feuerfest.de\/shop\/produkt\/ft-steinbackofengewoelbe-sgb1100-1500\/","title":{"rendered":"FT-Steinbackofengew\u00f6lbe SGB1100\/1500"},"content":{"rendered":"<p><font color=\"#993300\" size=\"5\"><strong><u>Steinbackofengew\u00f6lbe mit extra dicken Backplatten!<\/u><\/strong><\/font><\/p>\n<p><font color=\"#333333\">Kanalbreite (innen)&nbsp;1100 mm<\/font><br \/>\n<font color=\"#333333\">Breite:&nbsp;&nbsp;(au\u00dfen)&nbsp;&nbsp;&nbsp;&nbsp;&nbsp; 1350 mm<\/font><\/p>\n<p><font color=\"#333333\">L\u00e4nge: (innen)&nbsp;&nbsp;&nbsp;&nbsp;&nbsp;&nbsp;&nbsp; 1500 mm<\/font><br \/>\n<font color=\"#333333\">L\u00e4nge: (au\u00dfen)&nbsp;&nbsp;&nbsp;&nbsp;&nbsp;&nbsp; 1625 mm<\/font><\/p>\n<p><font color=\"#333333\" size=\"4\">H\u00f6he:&nbsp;&nbsp; (innen)*&nbsp;&nbsp;&nbsp;&nbsp;&nbsp;&nbsp;&nbsp;&nbsp;&nbsp;578 mm<br \/>\nH\u00f6he:&nbsp;&nbsp; (au\u00dfen)&nbsp;&nbsp;&nbsp;&nbsp;&nbsp;&nbsp;&nbsp;&nbsp;&nbsp;800 mm<\/font><\/p>\n<p><font color=\"#333333\" size=\"3\">* Ma\u00df ab Bodenplatte bis Mitte Gew\u00f6lbe<\/font><\/p>\n<p><font size=\"3\"><strong>Der kompl. Einsatz besteht aus<\/strong><em>:<\/em><\/font><\/p>\n<p><font color=\"#333333\" face=\"Verdana\" size=\"2\"><em><font size=\"3\"><u>Gew\u00f6lbe:<\/u><\/font><br \/>\n<font color=\"#808080\">96&nbsp;St\u00fcck Halbw\u00f6lber 2H16 <\/font><font color=\"#808000\">2. Wahl **<\/font><\/em><\/font><br \/>\n<em><font color=\"#808080\">78&nbsp;St\u00fcck Halbw\u00f6lber 2H10 2.Wahl **<br \/>\n24&nbsp;St\u00fcck Normalsteine 250x124x64 mm <\/font><\/em><\/p>\n<p><font color=\"#333333\" face=\"Verdana\" size=\"2\"><em><font color=\"#000000\"><u>R\u00fcckwand:<\/u><\/font><br \/>\n53&nbsp;St\u00fcck Normalsteine 250x124x64 mm<\/em><\/font><\/p>\n<p><font color=\"#333333\" face=\"Verdana\" size=\"2\"><em><font color=\"#000000\"><u>Backplatten:<\/u><\/font><br \/>\n&nbsp;&nbsp;8 St\u00fcck Platten A40t 500x375x100 mm<\/em><\/font><\/p>\n<p><font size=\"3\"><em><u>M\u00f6rtel:<\/u><\/em><br \/>\n<em><font color=\"#808080\">&nbsp;&nbsp;6 Eimer Cherasit a 20 kg<\/font><\/em><\/font><\/p>\n<p><font color=\"#333333\" face=\"Verdana\" size=\"2\"><em><font color=\"#000000\"><u>Isolierung:<\/u><\/font><br \/>\n12&nbsp; Sack Sch\u00fcttisolierung FV-LB1000\/50 Ltr.<br \/>\n2,0&nbsp;m\u00b2 Promasil 30 mm<br \/>\n2,0&nbsp;m\u00b2 Fire-Strong-Board\/8 mm<\/em><\/font><\/p>\n<p><font color=\"#333333\" face=\"Verdana\" size=\"2\">&nbsp;<\/font><\/p>\n<p><font color=\"#808000\" size=\"3\"><em>**2.&nbsp;Wahl hei\u00dft, das die Steine stellen weise fleckig sind, dies hat aber keinen Einflu\u00df auf den Anwendungsfall und auf die Feuerfestigkeit. Die Steine sind lebensmittelgeeignet.<\/em><\/font><\/p>\n<p><font color=\"#ff0000\" size=\"3\"><strong><u>Der Versand erfolgt frei Haus\/dt. Grenze, sowie \u00d6sterreich, Benelux, (sonst auf Anfrage)<\/u><\/strong><\/font><\/p>\n<p><font color=\"#333333\" face=\"Verdana\" size=\"2\"><strong><u><font color=\"#000000\" size=\"3\"><em>Gesamtgewicht ca. 1700 kg<\/em><\/font><\/u><\/strong><\/font><\/p>\n<p>FT-Steinbackofengew\u00f6lbe SGB1100\/1500<\/p>\n","protected":false},"excerpt":{"rendered":"<p>Steinbackofengew\u00f6lbe mit extra dicken Backplatten! Kanalbreite (innen)&nbsp;1100 mm Breite:&nbsp;&nbsp;(au\u00dfen)&nbsp;&nbsp;&nbsp;&nbsp;&nbsp; 1350 mm L\u00e4nge: (innen)&nbsp;&nbsp;&nbsp;&nbsp;&nbsp;&nbsp;&nbsp; 1500 mm L\u00e4nge: (au\u00dfen)&nbsp;&nbsp;&nbsp;&nbsp;&nbsp;&nbsp; 1625 mm H\u00f6he:&nbsp;&nbsp; (innen)*&nbsp;&nbsp;&nbsp;&nbsp;&nbsp;&nbsp;&nbsp;&nbsp;&nbsp;578 mm H\u00f6he:&nbsp;&nbsp; (au\u00dfen)&nbsp;&nbsp;&nbsp;&nbsp;&nbsp;&nbsp;&nbsp;&nbsp;&nbsp;800 mm * Ma\u00df ab Bodenplatte bis Mitte Gew\u00f6lbe Der kompl. Einsatz besteht aus: Gew\u00f6lbe: 96&nbsp;St\u00fcck Halbw\u00f6lber 2H16 2. Wahl ** 78&nbsp;St\u00fcck Halbw\u00f6lber 2H10 2.Wahl ** 24&nbsp;St\u00fcck Normalsteine 250x124x64 mm R\u00fcckwand: 53&nbsp;St\u00fcck [&hellip;]<\/p>\n","protected":false},"featured_media":6520,"comment_status":"closed","ping_status":"open","template":"","meta":{"_acf_changed":false},"product_safety_overall":[],"product_brand":[],"product_cat":[1770,1775,1777],"product_tag":[],"class_list":{"0":"post-6522","1":"product","2":"type-product","3":"status-publish","4":"has-post-thumbnail","6":"product_cat-backplatten-steinbackofeneinsaetze","7":"product_cat-steinbackofeneinsaetze","8":"product_cat-steinbackofeneinsaetze-backgewoelbe","10":"first","11":"instock","12":"taxable","13":"shipping-taxable","14":"purchasable","15":"product-type-simple"},"acf":[],"_links":{"self":[{"href":"https:\/\/www.ras-feuerfest.de\/shop\/wp-json\/wp\/v2\/product\/6522","targetHints":{"allow":["GET"]}}],"collection":[{"href":"https:\/\/www.ras-feuerfest.de\/shop\/wp-json\/wp\/v2\/product"}],"about":[{"href":"https:\/\/www.ras-feuerfest.de\/shop\/wp-json\/wp\/v2\/types\/product"}],"replies":[{"embeddable":true,"href":"https:\/\/www.ras-feuerfest.de\/shop\/wp-json\/wp\/v2\/comments?post=6522"}],"wp:featuredmedia":[{"embeddable":true,"href":"https:\/\/www.ras-feuerfest.de\/shop\/wp-json\/wp\/v2\/media\/6520"}],"wp:attachment":[{"href":"https:\/\/www.ras-feuerfest.de\/shop\/wp-json\/wp\/v2\/media?parent=6522"}],"wp:term":[{"taxonomy":"product_safety_overall","embeddable":true,"href":"https:\/\/www.ras-feuerfest.de\/shop\/wp-json\/wp\/v2\/product_safety_overall?post=6522"},{"taxonomy":"product_brand","embeddable":true,"href":"https:\/\/www.ras-feuerfest.de\/shop\/wp-json\/wp\/v2\/product_brand?post=6522"},{"taxonomy":"product_cat","embeddable":true,"href":"https:\/\/www.ras-feuerfest.de\/shop\/wp-json\/wp\/v2\/product_cat?post=6522"},{"taxonomy":"product_tag","embeddable":true,"href":"https:\/\/www.ras-feuerfest.de\/shop\/wp-json\/wp\/v2\/product_tag?post=6522"}],"curies":[{"name":"wp","href":"https:\/\/api.w.org\/{rel}","templated":true}]}}