{"id":6527,"date":"2024-10-09T17:47:28","date_gmt":"2024-10-09T15:47:28","guid":{"rendered":"https:\/\/www.ras-feuerfest.de\/shop\/product\/sturz-tuersturz-1050x140x80-bis-max-1300-c\/"},"modified":"2024-10-10T13:44:46","modified_gmt":"2024-10-10T11:44:46","slug":"sturz-tuersturz-1050x140x80-bis-max-1300-c","status":"publish","type":"product","link":"https:\/\/www.ras-feuerfest.de\/shop\/produkt\/sturz-tuersturz-1050x140x80-bis-max-1300-c\/","title":{"rendered":"Sturz\/T\u00fcrsturz 1050x140x80  bis max. 1300 \u00b0C"},"content":{"rendered":"<p><font color=\"#333333\">Die Schamotte-Riegel\/St\u00fcrze sind aus feuerfesten Beton<\/font><font color=\"#333333\" size=\"3\"> mit einer Armierung aus Stahlnadeln. Ungetempert! <\/font><\/p>\n<p><font color=\"#333333\" face=\"Verdana\" size=\"2\"><strong><u><font color=\"#333333\" size=\"2\">max Anwendungsttremperatur: 1<\/font><font face=\"Verdana\">3<\/font>00 \u00b0C<\/u><\/strong><\/font><br \/>\n<font color=\"#333333\" size=\"2\">Farbe: br\u00e4unlich<\/font><\/p>\n<p><font color=\"#333333\" face=\"Verdana\" size=\"2\"><u><font size=\"3\">Abmessungen: 1050x140x<\/font><font face=\"Verdana\">8<\/font>0<\/u><\/font> mm&nbsp;<\/p>\n<p><span style=\"color:#e21a1a;\"><font face=\"Verdana\" size=\"2\"><u><font size=\"3\"><span style=\"font-style: italic;\"><strong>Versand per Paketdienst m\u00f6glich<\/strong><\/span><\/font><\/u><\/font><\/span><\/p>\n<p><span style=\"color:#e21a1a;\"><font face=\"Verdana\" size=\"2\"><u><font size=\"3\"><span style=\"font-style: italic;\"><strong><font face=\"Verdana\">D<\/font>ie Kosten f\u00fcr den Versand und Verpackung belaufen sich auf 18,50 \u20ac<\/strong><\/span><\/font><\/u><\/font><\/span><br \/>\n&nbsp;<\/p>\n<p>Sturz\/T\u00fcrsturz 1050x140x80  bis max. 1300 \u00b0C<\/p>\n","protected":false},"excerpt":{"rendered":"<p>Die Schamotte-Riegel\/St\u00fcrze sind aus feuerfesten Beton mit einer Armierung aus Stahlnadeln. Ungetempert! max Anwendungsttremperatur: 1300 \u00b0C Farbe: br\u00e4unlich Abmessungen: 1050x140x80 mm&nbsp; Versand per Paketdienst m\u00f6glich Die Kosten f\u00fcr den Versand und Verpackung belaufen sich auf 18,50 \u20ac &nbsp; Sturz\/T\u00fcrsturz 1050x140x80 bis max. 1300 \u00b0C<\/p>\n","protected":false},"featured_media":7664,"comment_status":"closed","ping_status":"open","template":"","meta":{"_acf_changed":false},"product_safety_overall":[],"product_brand":[],"product_cat":[1942,2023],"product_tag":[675,676,677],"class_list":{"0":"post-6527","1":"product","2":"type-product","3":"status-publish","4":"has-post-thumbnail","6":"product_cat-steine-massen-moertel","7":"product_cat-stuerze","8":"product_tag-schamottesteinen","9":"product_tag-schamottestuerze","10":"product_tag-feuerbetonstuerze","12":"first","13":"instock","14":"taxable","15":"shipping-taxable","16":"purchasable","17":"product-type-simple"},"acf":[],"_links":{"self":[{"href":"https:\/\/www.ras-feuerfest.de\/shop\/wp-json\/wp\/v2\/product\/6527","targetHints":{"allow":["GET"]}}],"collection":[{"href":"https:\/\/www.ras-feuerfest.de\/shop\/wp-json\/wp\/v2\/product"}],"about":[{"href":"https:\/\/www.ras-feuerfest.de\/shop\/wp-json\/wp\/v2\/types\/product"}],"replies":[{"embeddable":true,"href":"https:\/\/www.ras-feuerfest.de\/shop\/wp-json\/wp\/v2\/comments?post=6527"}],"wp:featuredmedia":[{"embeddable":true,"href":"https:\/\/www.ras-feuerfest.de\/shop\/wp-json\/wp\/v2\/media\/7664"}],"wp:attachment":[{"href":"https:\/\/www.ras-feuerfest.de\/shop\/wp-json\/wp\/v2\/media?parent=6527"}],"wp:term":[{"taxonomy":"product_safety_overall","embeddable":true,"href":"https:\/\/www.ras-feuerfest.de\/shop\/wp-json\/wp\/v2\/product_safety_overall?post=6527"},{"taxonomy":"product_brand","embeddable":true,"href":"https:\/\/www.ras-feuerfest.de\/shop\/wp-json\/wp\/v2\/product_brand?post=6527"},{"taxonomy":"product_cat","embeddable":true,"href":"https:\/\/www.ras-feuerfest.de\/shop\/wp-json\/wp\/v2\/product_cat?post=6527"},{"taxonomy":"product_tag","embeddable":true,"href":"https:\/\/www.ras-feuerfest.de\/shop\/wp-json\/wp\/v2\/product_tag?post=6527"}],"curies":[{"name":"wp","href":"https:\/\/api.w.org\/{rel}","templated":true}]}}