{"id":6531,"date":"2024-10-09T17:47:28","date_gmt":"2024-10-09T15:47:28","guid":{"rendered":"https:\/\/www.ras-feuerfest.de\/shop\/product\/sturz-tuersturz-1050x140x80-bis-max-1600-c\/"},"modified":"2024-10-10T13:44:47","modified_gmt":"2024-10-10T11:44:47","slug":"sturz-tuersturz-1050x140x80-bis-max-1600-c","status":"publish","type":"product","link":"https:\/\/www.ras-feuerfest.de\/shop\/produkt\/sturz-tuersturz-1050x140x80-bis-max-1600-c\/","title":{"rendered":"Sturz\/T\u00fcrsturz 1050x250x124  bis max. 1600 \u00b0C"},"content":{"rendered":"<p><font color=\"#333333\">Die Schamotte-Riegel\/St\u00fcrze sind aus feuerfesten Beton<\/font><font color=\"#333333\" size=\"3\"> mit einer Armierung aus Stahlnadeln. Ungetempert! <\/font><\/p>\n<p><font color=\"#333333\" face=\"Verdana\" size=\"2\"><strong><u><font color=\"#333333\" size=\"2\">max Anwendungsttremperatur: 1<\/font><font face=\"Verdana\">6<\/font>00 \u00b0C<\/u><\/strong><\/font><br \/>\n<font color=\"#333333\" size=\"2\">Farbe: wei\u00df<\/font>\/altwei\u00df<\/p>\n<p><font color=\"#333333\" face=\"Verdana\" size=\"2\"><u><font size=\"3\">Abmessungen: 1050x250x<\/font>124<\/u><\/font> mm&nbsp;<\/p>\n<p><font color=\"#333333\" face=\"Verdana\" size=\"2\"><u><font size=\"3\"><span style=\"COLOR: rgb(51,51,51)\"><span style=\"FONT-STYLE: italic\"><strong>Kein Paketdienstversand m\u00f6glich St\u00fcckgewicht&nbsp; ca 43 kg<\/strong><\/span><\/span><\/font><\/u><\/font><\/p>\n<p>&nbsp;<\/p>\n<p>Sturz\/T\u00fcrsturz 1050x250x124  bis max. 1600 \u00b0C<\/p>\n","protected":false},"excerpt":{"rendered":"<p>Die Schamotte-Riegel\/St\u00fcrze sind aus feuerfesten Beton mit einer Armierung aus Stahlnadeln. Ungetempert! max Anwendungsttremperatur: 1600 \u00b0C Farbe: wei\u00df\/altwei\u00df Abmessungen: 1050x250x124 mm&nbsp; Kein Paketdienstversand m\u00f6glich St\u00fcckgewicht&nbsp; ca 43 kg &nbsp; Sturz\/T\u00fcrsturz 1050x250x124 bis max. 1600 \u00b0C<\/p>\n","protected":false},"featured_media":0,"comment_status":"closed","ping_status":"open","template":"","meta":{"_acf_changed":false},"product_safety_overall":[],"product_brand":[],"product_cat":[1942,2023],"product_tag":[675,676,677],"class_list":{"0":"post-6531","1":"product","2":"type-product","3":"status-publish","5":"product_cat-steine-massen-moertel","6":"product_cat-stuerze","7":"product_tag-schamottesteinen","8":"product_tag-schamottestuerze","9":"product_tag-feuerbetonstuerze","11":"first","12":"instock","13":"taxable","14":"shipping-taxable","15":"purchasable","16":"product-type-simple"},"acf":[],"_links":{"self":[{"href":"https:\/\/www.ras-feuerfest.de\/shop\/wp-json\/wp\/v2\/product\/6531","targetHints":{"allow":["GET"]}}],"collection":[{"href":"https:\/\/www.ras-feuerfest.de\/shop\/wp-json\/wp\/v2\/product"}],"about":[{"href":"https:\/\/www.ras-feuerfest.de\/shop\/wp-json\/wp\/v2\/types\/product"}],"replies":[{"embeddable":true,"href":"https:\/\/www.ras-feuerfest.de\/shop\/wp-json\/wp\/v2\/comments?post=6531"}],"wp:attachment":[{"href":"https:\/\/www.ras-feuerfest.de\/shop\/wp-json\/wp\/v2\/media?parent=6531"}],"wp:term":[{"taxonomy":"product_safety_overall","embeddable":true,"href":"https:\/\/www.ras-feuerfest.de\/shop\/wp-json\/wp\/v2\/product_safety_overall?post=6531"},{"taxonomy":"product_brand","embeddable":true,"href":"https:\/\/www.ras-feuerfest.de\/shop\/wp-json\/wp\/v2\/product_brand?post=6531"},{"taxonomy":"product_cat","embeddable":true,"href":"https:\/\/www.ras-feuerfest.de\/shop\/wp-json\/wp\/v2\/product_cat?post=6531"},{"taxonomy":"product_tag","embeddable":true,"href":"https:\/\/www.ras-feuerfest.de\/shop\/wp-json\/wp\/v2\/product_tag?post=6531"}],"curies":[{"name":"wp","href":"https:\/\/api.w.org\/{rel}","templated":true}]}}