{"id":6561,"date":"2024-10-09T17:47:51","date_gmt":"2024-10-09T15:47:51","guid":{"rendered":"https:\/\/www.ras-feuerfest.de\/shop\/product\/normalsteine\/"},"modified":"2024-10-10T13:44:04","modified_gmt":"2024-10-10T11:44:04","slug":"normalsteine","status":"publish","type":"product","link":"https:\/\/www.ras-feuerfest.de\/shop\/produkt\/normalsteine\/","title":{"rendered":"Normalsteine NF2 A30h    250x124x64 mm"},"content":{"rendered":"<p>\n\t<span style=\"font-size:14px;\"><font color=\"#333333\">Die Schamotte Normalsteine&nbsp;sind halb-trockengepre\u00dft und&nbsp;haben eine maximale Anwendungstemperatur von 1340 \u00b0C.&nbsp; <\/font><br \/>\n\t<font color=\"#333333\">Die&nbsp;Steine sind allseitig glatt.&nbsp;Sie eignen sich sehr gut f\u00fcr Kamine, Kachel\u00f6fen, Heizkessel, offene Feuerstellen, Grund\u00f6fen und \u00fcberall dort wo hohe Temperaturen auftreten. Die Steine sind sehr ma\u00dfhaltig und lassen sich daher auch&nbsp; mit einem feuerfesten Kleber FCA1550 (Farbe braun-grau) oder FCA 1700 (Farbe antrahzit) im 1-2 mm Bereich verkleben.<br \/>\n\tVerklebungen mit VERSETZPLAST sind ebenfalls m\u00f6glich, Sie erreichen hiermit ca 2-3 mm dicke Fugen (Farbe beige braun&#8230;&#8230;.diese passt am besten zu dem Stein<\/font><br \/>\n\t<font color=\"#333333\">Wenn sie dickere Fugen w\u00fcnschen, nehmen Sie f\u00fcr geschlossene Feuerstellen bitte KERAMIX und bei Kaminen und sonstigen offenen Feuerstellen ECUSIT Fertigm\u00f6rtel oder VERSETZMIX.<\/font><\/span><\/p>\n<p>\n\t<span style=\"font-size:14px;\"><font color=\"#333333\">Farbe der Normalsteine: hellbraun\/braun<\/font>&nbsp;&nbsp;<\/span><\/p>\n<p>\n\t<span style=\"font-size:12px;\"><font color=\"#333333\" face=\"Verdana\"><em><font color=\"#333333\">Die&nbsp;Steine k\u00f6nnen wir nach Ihren Ma\u00dfen zuschneiden. Jedoch&nbsp;sind Rundungen oder etwas dem Stein heraussschneiden, <u>nicht m\u00f6glich<\/u>!<\/font><\/em><\/font><\/span><\/p>\n<p>\n\t<span style=\"color:#3f48ab;\"><font face=\"Verdana\" size=\"2\"><em><font size=\"4\"><span style=\"text-decoration: underline;\"><span style=\"font-weight: bold;\">Versand und Verpackung f\u00fcr 6 Steine&nbsp; 7,90 \u20ac (Sonderpreis)<\/span><\/span><\/font><\/em><\/font><\/span><\/p>\n<h3>\n\t<br \/>\n\t<span style=\"color:#329535;\"><font face=\"Verdana\" size=\"2\"><em><font size=\"4\"><em><font size=\"2\"><strong><u>Bei gr\u00f6\u00dferen St\u00fcckzahlen fragen Sie diese bitte per <a href=\"http:\/\/www.schmidt-feuerfest.de\/Easy4You\/content.php?link_id=159&amp;subcat=0\">e-mail<\/a> an, <\/u><\/strong><\/font><\/em><\/font><\/em><\/font><\/span><\/h3>\n<h3>\n\t<span style=\"color:#329535;\"><font face=\"Verdana\" size=\"2\"><em><font size=\"4\"><em><font size=\"2\"><strong><u>wir unterbreiten Ihnen gerne ein Angebot!<\/u><\/strong><\/font><\/em><\/font><\/em><\/font><\/span><\/h3>\n<p>\n\t<font color=\"#333333\" face=\"Verdana\" size=\"2\"><em><font color=\"#333333\" size=\"4\">&nbsp;<\/font><\/em><\/font><\/p>\n<p>\n\t&nbsp;<\/p>\n<p>Normalsteine NF2 A30h    250x124x64 mm<\/p>\n","protected":false},"excerpt":{"rendered":"<p>Die Schamotte Normalsteine&nbsp;sind halb-trockengepre\u00dft und&nbsp;haben eine maximale Anwendungstemperatur von 1340 \u00b0C.&nbsp; Die&nbsp;Steine sind allseitig glatt.&nbsp;Sie eignen sich sehr gut f\u00fcr Kamine, Kachel\u00f6fen, Heizkessel, offene Feuerstellen, Grund\u00f6fen und \u00fcberall dort wo hohe Temperaturen auftreten. Die Steine sind sehr ma\u00dfhaltig und lassen sich daher auch&nbsp; mit einem feuerfesten Kleber FCA1550 (Farbe braun-grau) oder FCA 1700 (Farbe antrahzit) [&hellip;]<\/p>\n","protected":false},"featured_media":6562,"comment_status":"closed","ping_status":"open","template":"","meta":{"_acf_changed":false},"product_safety_overall":[],"product_brand":[],"product_cat":[1942,1979,1982,1984],"product_tag":[651,681,683],"class_list":{"0":"post-6561","1":"product","2":"type-product","3":"status-publish","4":"has-post-thumbnail","6":"product_cat-steine-massen-moertel","7":"product_cat-schamottesteine","8":"product_cat-schamottesteine-normalsteine","9":"product_cat-schamottesteine-normalsteine-normalsteine-nf2","10":"product_tag-schamottesteine","11":"product_tag-schamotte-normalsteine","12":"product_tag-feuerfeste-steine","14":"first","15":"instock","16":"taxable","17":"shipping-taxable","18":"purchasable","19":"product-type-simple"},"acf":[],"_links":{"self":[{"href":"https:\/\/www.ras-feuerfest.de\/shop\/wp-json\/wp\/v2\/product\/6561","targetHints":{"allow":["GET"]}}],"collection":[{"href":"https:\/\/www.ras-feuerfest.de\/shop\/wp-json\/wp\/v2\/product"}],"about":[{"href":"https:\/\/www.ras-feuerfest.de\/shop\/wp-json\/wp\/v2\/types\/product"}],"replies":[{"embeddable":true,"href":"https:\/\/www.ras-feuerfest.de\/shop\/wp-json\/wp\/v2\/comments?post=6561"}],"wp:featuredmedia":[{"embeddable":true,"href":"https:\/\/www.ras-feuerfest.de\/shop\/wp-json\/wp\/v2\/media\/6562"}],"wp:attachment":[{"href":"https:\/\/www.ras-feuerfest.de\/shop\/wp-json\/wp\/v2\/media?parent=6561"}],"wp:term":[{"taxonomy":"product_safety_overall","embeddable":true,"href":"https:\/\/www.ras-feuerfest.de\/shop\/wp-json\/wp\/v2\/product_safety_overall?post=6561"},{"taxonomy":"product_brand","embeddable":true,"href":"https:\/\/www.ras-feuerfest.de\/shop\/wp-json\/wp\/v2\/product_brand?post=6561"},{"taxonomy":"product_cat","embeddable":true,"href":"https:\/\/www.ras-feuerfest.de\/shop\/wp-json\/wp\/v2\/product_cat?post=6561"},{"taxonomy":"product_tag","embeddable":true,"href":"https:\/\/www.ras-feuerfest.de\/shop\/wp-json\/wp\/v2\/product_tag?post=6561"}],"curies":[{"name":"wp","href":"https:\/\/api.w.org\/{rel}","templated":true}]}}