{"id":6689,"date":"2024-10-09T17:48:35","date_gmt":"2024-10-09T15:48:35","guid":{"rendered":"https:\/\/www.ras-feuerfest.de\/shop\/product\/schamotteplatte-a40ts-600x300x30-mm\/"},"modified":"2024-10-10T13:44:27","modified_gmt":"2024-10-10T11:44:27","slug":"schamotteplatte-a40ts-600x300x30-mm","status":"publish","type":"product","link":"https:\/\/www.ras-feuerfest.de\/shop\/produkt\/schamotteplatte-a40ts-600x300x30-mm\/","title":{"rendered":"Schamotteplatte A40ts 600x300x30 mm"},"content":{"rendered":"<div class=\"ui-tabs-panel ui-widget-content ui-corner-bottom\" id=\"tab-product-description\" role=\"tabpanel\">\n<div class=\"description\" itemprop=\"description\">\n<p><span style=\"color:#993300;\"><font size=\"2\"><span style=\"font-weight: bold;\"><font size=\"4\">Schamotteplatten mit hoher Rohdichte und mit optimaler Kaltdruckfestigkeit<br \/>\nDie maximale Anwendungstemperatur betr\u00e4gt 1460 \u00b0C<br \/>\nDie Platten haben eine sehr<\/font><font face=\"Verdana\"> gute Temeperaturwechselbest\u00e4ndigkeit<\/font><\/span><\/font><\/span><\/p>\n<p><font color=\"#333333\" size=\"4\">Die Platten sind allseitig glatt.&nbsp;<\/font><br \/>\n<font size=\"4\">Farbe: hell bis br\u00e4unlich<\/font><\/p>\n<p><span style=\"font-size:14px;\"><font color=\"#333333\"><em><font color=\"#333333\">Die Platten k\u00f6nnen wir nach Ihren Ma\u00dfen zuschneiden. Jedoch&nbsp;sind Rundungen oder etwas der Platte heraussschneiden, <u>nicht m\u00f6glich<\/u>!<\/font><\/em><\/font><\/span><\/p>\n<p>&nbsp;<\/p>\n<p><u><strong><font color=\"#333333\" size=\"2\">Abmessungen: 600x300x30 mm<\/font><\/strong><\/u><\/p>\n<\/div>\n<\/div>\n<p>&nbsp;<\/p>\n<p>Schamotteplatte A40ts 600x300x30 mm<\/p>\n","protected":false},"excerpt":{"rendered":"<p>Schamotteplatten mit hoher Rohdichte und mit optimaler Kaltdruckfestigkeit Die maximale Anwendungstemperatur betr\u00e4gt 1460 \u00b0C Die Platten haben eine sehr gute Temeperaturwechselbest\u00e4ndigkeit Die Platten sind allseitig glatt.&nbsp; Farbe: hell bis br\u00e4unlich Die Platten k\u00f6nnen wir nach Ihren Ma\u00dfen zuschneiden. Jedoch&nbsp;sind Rundungen oder etwas der Platte heraussschneiden, nicht m\u00f6glich! &nbsp; Abmessungen: 600x300x30 mm &nbsp; Schamotteplatte A40ts 600x300x30 [&hellip;]<\/p>\n","protected":false},"featured_media":6620,"comment_status":"closed","ping_status":"open","template":"","meta":{"_acf_changed":false},"product_safety_overall":[],"product_brand":[],"product_cat":[1942,1979,2003],"product_tag":[682],"class_list":{"0":"post-6689","1":"product","2":"type-product","3":"status-publish","4":"has-post-thumbnail","6":"product_cat-steine-massen-moertel","7":"product_cat-schamottesteine","8":"product_cat-schamottesteine-platten-600x300","9":"product_tag-schamotteplatten","11":"first","12":"instock","13":"taxable","14":"shipping-taxable","15":"purchasable","16":"product-type-simple"},"acf":[],"_links":{"self":[{"href":"https:\/\/www.ras-feuerfest.de\/shop\/wp-json\/wp\/v2\/product\/6689","targetHints":{"allow":["GET"]}}],"collection":[{"href":"https:\/\/www.ras-feuerfest.de\/shop\/wp-json\/wp\/v2\/product"}],"about":[{"href":"https:\/\/www.ras-feuerfest.de\/shop\/wp-json\/wp\/v2\/types\/product"}],"replies":[{"embeddable":true,"href":"https:\/\/www.ras-feuerfest.de\/shop\/wp-json\/wp\/v2\/comments?post=6689"}],"wp:featuredmedia":[{"embeddable":true,"href":"https:\/\/www.ras-feuerfest.de\/shop\/wp-json\/wp\/v2\/media\/6620"}],"wp:attachment":[{"href":"https:\/\/www.ras-feuerfest.de\/shop\/wp-json\/wp\/v2\/media?parent=6689"}],"wp:term":[{"taxonomy":"product_safety_overall","embeddable":true,"href":"https:\/\/www.ras-feuerfest.de\/shop\/wp-json\/wp\/v2\/product_safety_overall?post=6689"},{"taxonomy":"product_brand","embeddable":true,"href":"https:\/\/www.ras-feuerfest.de\/shop\/wp-json\/wp\/v2\/product_brand?post=6689"},{"taxonomy":"product_cat","embeddable":true,"href":"https:\/\/www.ras-feuerfest.de\/shop\/wp-json\/wp\/v2\/product_cat?post=6689"},{"taxonomy":"product_tag","embeddable":true,"href":"https:\/\/www.ras-feuerfest.de\/shop\/wp-json\/wp\/v2\/product_tag?post=6689"}],"curies":[{"name":"wp","href":"https:\/\/api.w.org\/{rel}","templated":true}]}}