{"id":6719,"date":"2024-10-09T17:48:45","date_gmt":"2024-10-09T15:48:45","guid":{"rendered":"https:\/\/www.ras-feuerfest.de\/shop\/product\/schamotteplatte-a40t-weiss-500x200x40-mm-2-stueck\/"},"modified":"2024-10-10T13:44:22","modified_gmt":"2024-10-10T11:44:22","slug":"schamotteplatte-a40t-weiss-500x200x40-mm-2-stueck","status":"publish","type":"product","link":"https:\/\/www.ras-feuerfest.de\/shop\/produkt\/schamotteplatte-a40t-weiss-500x200x40-mm-2-stueck\/","title":{"rendered":"Schamotteplatte A40t wei\u00df  500x200x40 mm  2 St\u00fcck"},"content":{"rendered":"<p>\n\t<span style=\"color:#993300;\"><font size=\"2\"><span style=\"font-weight: bold;\"><font color=\"#333333\" size=\"2\">Die Schamotteplatte ist trockengepre\u00dft und hat ein maximale Anwendungstemperatur von 1450 \u00b0C.<\/font><font color=\"#333333\" size=\"2\">&nbsp; <\/font><br \/>\n\t<font color=\"#333333\" size=\"2\">Die Platten sind allseitig glatt. <\/font><\/span><\/font><\/span><\/p>\n<p>\t<font color=\"#333333\" size=\"4\">Die Platten sind allseitig glatt.&nbsp;<\/font><br \/>\n\t<font size=\"4\">Farbe: wei\u00df\/altwei\u00df<\/font><\/p>\n<p>\n\t<span style=\"font-size:14px;\"><font color=\"#333333\"><em><font color=\"#333333\">Die Platten k\u00f6nnen wir nach Ihren Ma\u00dfen zuschneiden. Jedoch&nbsp;sind Rundungen oder etwas der Platte heraussschneiden, <u>nicht m\u00f6glich<\/u>!<\/font><\/em><\/font><\/span><\/p>\n<p>\n\t<span style=\"font-size:14px;\"><font color=\"#0000ff\"><u><em>2 Platten 500x200x40 mm&nbsp; <\/em><\/u><\/font><font color=\"#ff0000\"><u>Kartonpreis\/frei Haus&#8230;&#8230;&#8230;&#8230;..Sie sparen zus\u00e4tzlich 10,80 \u20ac Versandkosten !<\/u><\/font><\/span><\/p>\n<p>\n\t&nbsp;<\/p>\n<p>\n\t<u><strong><font color=\"#333333\" size=\"2\">Abmessungen: 500x200x40&nbsp; mm<\/font><\/strong><\/u><\/p>\n<p>Schamotteplatte A40t wei\u00df  500x200x40 mm  2 St\u00fcck<\/p>\n","protected":false},"excerpt":{"rendered":"<p>Die Schamotteplatte ist trockengepre\u00dft und hat ein maximale Anwendungstemperatur von 1450 \u00b0C.&nbsp; Die Platten sind allseitig glatt. Die Platten sind allseitig glatt.&nbsp; Farbe: wei\u00df\/altwei\u00df Die Platten k\u00f6nnen wir nach Ihren Ma\u00dfen zuschneiden. Jedoch&nbsp;sind Rundungen oder etwas der Platte heraussschneiden, nicht m\u00f6glich! 2 Platten 500x200x40 mm&nbsp; Kartonpreis\/frei Haus&#8230;&#8230;&#8230;&#8230;..Sie sparen zus\u00e4tzlich 10,80 \u20ac Versandkosten ! &nbsp; Abmessungen: [&hellip;]<\/p>\n","protected":false},"featured_media":7679,"comment_status":"closed","ping_status":"open","template":"","meta":{"_acf_changed":false},"product_safety_overall":[],"product_brand":[],"product_cat":[1942,1979,1998],"product_tag":[],"class_list":{"0":"post-6719","1":"product","2":"type-product","3":"status-publish","4":"has-post-thumbnail","6":"product_cat-steine-massen-moertel","7":"product_cat-schamottesteine","8":"product_cat-schamottesteine-platten-500x200","10":"first","11":"instock","12":"taxable","13":"shipping-taxable","14":"purchasable","15":"product-type-simple"},"acf":[],"_links":{"self":[{"href":"https:\/\/www.ras-feuerfest.de\/shop\/wp-json\/wp\/v2\/product\/6719","targetHints":{"allow":["GET"]}}],"collection":[{"href":"https:\/\/www.ras-feuerfest.de\/shop\/wp-json\/wp\/v2\/product"}],"about":[{"href":"https:\/\/www.ras-feuerfest.de\/shop\/wp-json\/wp\/v2\/types\/product"}],"replies":[{"embeddable":true,"href":"https:\/\/www.ras-feuerfest.de\/shop\/wp-json\/wp\/v2\/comments?post=6719"}],"wp:featuredmedia":[{"embeddable":true,"href":"https:\/\/www.ras-feuerfest.de\/shop\/wp-json\/wp\/v2\/media\/7679"}],"wp:attachment":[{"href":"https:\/\/www.ras-feuerfest.de\/shop\/wp-json\/wp\/v2\/media?parent=6719"}],"wp:term":[{"taxonomy":"product_safety_overall","embeddable":true,"href":"https:\/\/www.ras-feuerfest.de\/shop\/wp-json\/wp\/v2\/product_safety_overall?post=6719"},{"taxonomy":"product_brand","embeddable":true,"href":"https:\/\/www.ras-feuerfest.de\/shop\/wp-json\/wp\/v2\/product_brand?post=6719"},{"taxonomy":"product_cat","embeddable":true,"href":"https:\/\/www.ras-feuerfest.de\/shop\/wp-json\/wp\/v2\/product_cat?post=6719"},{"taxonomy":"product_tag","embeddable":true,"href":"https:\/\/www.ras-feuerfest.de\/shop\/wp-json\/wp\/v2\/product_tag?post=6719"}],"curies":[{"name":"wp","href":"https:\/\/api.w.org\/{rel}","templated":true}]}}