{"id":6759,"date":"2024-10-09T17:48:56","date_gmt":"2024-10-09T15:48:56","guid":{"rendered":"https:\/\/www.ras-feuerfest.de\/shop\/product\/firetek-saeumix-saeurefester-setzmoertel-2-kg-anmischschale\/"},"modified":"2024-10-10T23:15:04","modified_gmt":"2024-10-10T21:15:04","slug":"firetek-saeumix-saeurefester-setzmoertel-2-kg-anmischschale","status":"publish","type":"product","link":"https:\/\/www.ras-feuerfest.de\/shop\/produkt\/firetek-saeumix-saeurefester-setzmoertel-2-kg-anmischschale\/","title":{"rendered":"FIRETEK-S\u00c4UMIX  s\u00e4urefester Setzm\u00f6rtel   2 kg Anmischschale"},"content":{"rendered":"<div>\n\t<font color=\"#333333\" face=\"Verdana\" size=\"2\"><\/font><font size=\"3\"><\/font><font size=\"+0\"><\/font><font size=\"3\"><\/font><font size=\"3\"><span style=\"FONT-WEIGHT: bold\"><span style=\"COLOR: rgb(255,0,0)\"><span style=\"FONT-FAMILY: Verdana\">FIRETEK <\/span><\/span><\/span><\/font><font size=\"+0\"><\/font><font size=\"3\"><\/font><font size=\"+0\"><\/font><font size=\"3\"><span style=\"COLOR: rgb(255,0,0); FONT-STYLE: italic\"><font size=\"2\"><span style=\"FONT-FAMILY: Verdana\"><font size=\"3\">&#8211; S\u00c4UMIX<\/font><\/span><\/font><\/span><\/font><font face=\"Verdana\" size=\"2\"><\/font><font face=\"Arial\" size=\"3\"><\/font><font color=\"#333333\">&nbsp; <\/font><font face=\"Verdana\" size=\"2\">ist ein Setzm\u00f6rtel f\u00fcr Schornsteinrohre, Abgaskan\u00e4le, zum Verfugen<br \/>\n\tvon Battrier\u00e4umen, etc.<\/font><br \/>\n\t&nbsp;<\/div>\n<div>\n\t<font color=\"#333333\" face=\"Verdana\" size=\"2\"><\/font><font size=\"3\"><\/font><font face=\"Verdana\" size=\"2\"><\/font><font size=\"3\"><\/font><font color=\"#333333\" face=\"Verdana\" size=\"2\">Die Verfestigung erfolgt hydraulisch bei Raumtemperatur.<\/font><\/div>\n<div>\n\t<font color=\"#333333\" face=\"Verdana\" size=\"2\"><\/font><font size=\"3\"><\/font><font face=\"Verdana\" size=\"2\"><\/font><font size=\"3\"><em><font color=\"#333333\">&nbsp;<\/font><\/em><\/font><\/div>\n<div>\n<div>\n\t\t<font color=\"#333333\" face=\"Verdana\" size=\"2\"><\/font><font size=\"3\"><\/font><font face=\"Verdana\" size=\"2\"><\/font><font size=\"3\"><\/font><font face=\"Verdana\" size=\"2\"><\/font><font color=\"#333333\" face=\"Verdana\"><u><em>Lieferform: 2 kg Mischbecher<\/em><\/u><\/font><\/div>\n<div>\n\t\t<font color=\"#333333\" face=\"Verdana\" size=\"2\"><\/font><font size=\"3\"><\/font><font face=\"Verdana\" size=\"2\"><\/font><font size=\"3\"><\/font><font face=\"Verdana\" size=\"2\">&nbsp;<\/font><\/div>\n<\/div>\n<div>\n\t<font color=\"#333333\" face=\"Verdana\" size=\"2\"><\/font><font size=\"3\"><\/font><font face=\"Verdana\" size=\"2\"><\/font><font size=\"3\"><\/font><font color=\"#333333\" face=\"Verdana\" size=\"2\"><em>Der M\u00f6rtel ist gebrauchsfertig und wird nur mit sauberem Trinkwasser angemischt.<\/em><\/font><\/div>\n<p>FIRETEK-S\u00c4UMIX  s\u00e4urefester Setzm\u00f6rtel   2 kg Anmischschale<\/p>\n","protected":false},"excerpt":{"rendered":"<p>FIRETEK &#8211; S\u00c4UMIX&nbsp; ist ein Setzm\u00f6rtel f\u00fcr Schornsteinrohre, Abgaskan\u00e4le, zum Verfugen von Battrier\u00e4umen, etc. &nbsp; Die Verfestigung erfolgt hydraulisch bei Raumtemperatur. &nbsp; Lieferform: 2 kg Mischbecher &nbsp; Der M\u00f6rtel ist gebrauchsfertig und wird nur mit sauberem Trinkwasser angemischt. FIRETEK-S\u00c4UMIX s\u00e4urefester Setzm\u00f6rtel 2 kg Anmischschale<\/p>\n","protected":false},"featured_media":6760,"comment_status":"closed","ping_status":"closed","template":"","meta":{"_acf_changed":false},"product_safety_overall":[],"product_brand":[],"product_cat":[1942,1969,1977,2014,2019],"product_tag":[698,699,700,702],"class_list":{"0":"post-6759","1":"product","2":"type-product","3":"status-publish","4":"has-post-thumbnail","6":"product_cat-steine-massen-moertel","7":"product_cat-schamottemoertel","8":"product_cat-schamottemoertel-saeurefester-moertel","9":"product_cat-schornsteinerohre-schamotte","10":"product_cat-schornsteinerohre-schamotte-ft-saeurefester-moertel-kleber","11":"product_tag-schamottemoertel","12":"product_tag-feuerfester-moertel","13":"product_tag-keramischer-moertel","14":"product_tag-saeurefester-moertel","16":"first","17":"instock","18":"taxable","19":"shipping-taxable","20":"purchasable","21":"product-type-simple"},"acf":[],"_links":{"self":[{"href":"https:\/\/www.ras-feuerfest.de\/shop\/wp-json\/wp\/v2\/product\/6759","targetHints":{"allow":["GET"]}}],"collection":[{"href":"https:\/\/www.ras-feuerfest.de\/shop\/wp-json\/wp\/v2\/product"}],"about":[{"href":"https:\/\/www.ras-feuerfest.de\/shop\/wp-json\/wp\/v2\/types\/product"}],"replies":[{"embeddable":true,"href":"https:\/\/www.ras-feuerfest.de\/shop\/wp-json\/wp\/v2\/comments?post=6759"}],"wp:featuredmedia":[{"embeddable":true,"href":"https:\/\/www.ras-feuerfest.de\/shop\/wp-json\/wp\/v2\/media\/6760"}],"wp:attachment":[{"href":"https:\/\/www.ras-feuerfest.de\/shop\/wp-json\/wp\/v2\/media?parent=6759"}],"wp:term":[{"taxonomy":"product_safety_overall","embeddable":true,"href":"https:\/\/www.ras-feuerfest.de\/shop\/wp-json\/wp\/v2\/product_safety_overall?post=6759"},{"taxonomy":"product_brand","embeddable":true,"href":"https:\/\/www.ras-feuerfest.de\/shop\/wp-json\/wp\/v2\/product_brand?post=6759"},{"taxonomy":"product_cat","embeddable":true,"href":"https:\/\/www.ras-feuerfest.de\/shop\/wp-json\/wp\/v2\/product_cat?post=6759"},{"taxonomy":"product_tag","embeddable":true,"href":"https:\/\/www.ras-feuerfest.de\/shop\/wp-json\/wp\/v2\/product_tag?post=6759"}],"curies":[{"name":"wp","href":"https:\/\/api.w.org\/{rel}","templated":true}]}}

FIRETEK-SÄUMIX  säurefester Setzmörtel   2 kg Anmischschale

<div>
	<font color="#333333" face="Verdana" size="2"></font><font size="3"></font><font size="+0"></font><font size="3"></font><font size="3"><span style="FONT-WEIGHT: bold"><span style="COLOR: rgb(255,0,0)"><span style="FONT-FAMILY: Verdana">FIRETEK </span></span></span></font><font size="+0"></font><font size="3"></font><font size="+0"></font><font size="3"><span style="COLOR: rgb(255,0,0); FONT-STYLE: italic"><font size="2"><span style="FONT-FAMILY: Verdana"><font size="3">&#8211; SÄUMIX</font></span></font></span></font><font face="Verdana" size="2"></font><font face="Arial" size="3"></font><font color="#333333">&nbsp; </font><font face="Verdana" size="2">ist ein Setzmörtel für Schornsteinrohre, Abgaskanäle, zum Verfugen<br />
	von Battrieräumen, etc.</font><br />
	&nbsp;</div>
<div>
	<font color="#333333" face="Verdana" size="2"></font><font size="3"></font><font face="Verdana" size="2"></font><font size="3"></font><font color="#333333" face="Verdana" size="2">Die Verfestigung erfolgt hydraulisch bei Raumtemperatur.</font></div>
<div>
	<font color="#333333" face="Verdana" size="2"></font><font size="3"></font><font face="Verdana" size="2"></font><font size="3"><em><font color="#333333">&nbsp;</font></em></font></div>
<div>
<div>
		<font color="#333333" face="Verdana" size="2"></font><font size="3"></font><font face="Verdana" size="2"></font><font size="3"></font><font face="Verdana" size="2"></font><font color="#333333" face="Verdana"><u><em>Lieferform: 2 kg Mischbecher</em></u></font></div>
<div>
		<font color="#333333" face="Verdana" size="2"></font><font size="3"></font><font face="Verdana" size="2"></font><font size="3"></font><font face="Verdana" size="2">&nbsp;</font></div>
</div>
<div>
	<font color="#333333" face="Verdana" size="2"></font><font size="3"></font><font face="Verdana" size="2"></font><font size="3"></font><font color="#333333" face="Verdana" size="2"><em>Der Mörtel ist gebrauchsfertig und wird nur mit sauberem Trinkwasser angemischt.</em></font></div>
<p>FIRETEK-SÄUMIX  säurefester Setzmörtel   2 kg Anmischschale</p>

<p>FIRETEK &#8211; SÄUMIX&nbsp; ist ein Setzmörtel für Schornsteinrohre, Abgaskanäle, zum Verfugen von Battrieräumen, etc. &nbsp; Die Verfestigung erfolgt hydraulisch bei Raumtemperatur. &nbsp; Lieferform: 2 kg Mischbecher &nbsp; Der Mörtel ist gebrauchsfertig und wird nur mit sauberem Trinkwasser angemischt. FIRETEK-SÄUMIX säurefester Setzmörtel 2 kg Anmischschale</p>
