{"id":6842,"date":"2024-10-09T17:49:29","date_gmt":"2024-10-09T15:49:29","guid":{"rendered":"https:\/\/www.ras-feuerfest.de\/shop\/product\/ehalin-fugenmoertel-anthrazit-5-kg-eimer\/"},"modified":"2024-10-10T13:43:34","modified_gmt":"2024-10-10T11:43:34","slug":"ehalin-fugenmoertel-anthrazit-5-kg-eimer","status":"publish","type":"product","link":"https:\/\/www.ras-feuerfest.de\/shop\/produkt\/ehalin-fugenmoertel-anthrazit-5-kg-eimer\/","title":{"rendered":"EHALIN Fugenm\u00f6rtel ANTHRAZIT  5 kg Eimer"},"content":{"rendered":"<p><font color=\"#808000\"><strong>EHALIN <\/strong><\/font>Fugenm\u00f6rtel&nbsp;eignet sich Wand und Boden, im Innen- und Au\u00dfenbereich<font size=\"3\">.<\/font><\/p>\n<p><font size=\"3\"><u>Eigenschaften:<\/u><\/font><br \/>\n<font size=\"3\">&#8211;&nbsp;wasserfest<br \/>\n&#8211; frostsicher<br \/>\n&#8211; hydraulisch abbindend<br \/>\n&#8211; rissfrei<br \/>\n&#8211; nicht brennbar<br \/>\n&#8211; dampfdiffusionsf\u00e4hig<\/font><\/p>\n<p><font size=\"3\"><u>Anwendungsm\u00f6glichkeiten:<\/u><br \/>\n&#8211; Ofenkacheln<br \/>\n&#8211; Spaltplatten<br \/>\n&#8211; \u00dcberg\u00e4nge von Kachel auf feuerfeste Materialien<br \/>\n&#8211; hohe thermische Beanspruchungen<br \/>\n&#8211; Glasbausteine im Innen- und Au\u00dfenbereich<br \/>\n&#8211; Betonabdichtungen<\/p>\n<p>EHALIN eignet sich f\u00fcr eine Fugenbreite von 4- 15 mm<\/p>\n<p>EHALIN <\/font><font size=\"3\">ist nach 24 Stunden begehbar und nach ca 14 Tagen voll belastbar<\/font><\/p>\n<p><font size=\"5\"><u>Farbe:<\/u> <\/font><font color=\"#333333\" style=\"BACKGROUND-COLOR: #ffffff\"><strong>anthrazit<\/strong><\/font><\/p>\n<p><font color=\"#808000\" size=\"4\"><strong><u>Inhalt:<\/u>&nbsp; 5 kg <\/strong><\/font><\/p>\n<p>EHALIN Fugenm\u00f6rtel ANTHRAZIT  5 kg Eimer<\/p>\n","protected":false},"excerpt":{"rendered":"<p>EHALIN Fugenm\u00f6rtel&nbsp;eignet sich Wand und Boden, im Innen- und Au\u00dfenbereich. Eigenschaften: &#8211;&nbsp;wasserfest &#8211; frostsicher &#8211; hydraulisch abbindend &#8211; rissfrei &#8211; nicht brennbar &#8211; dampfdiffusionsf\u00e4hig Anwendungsm\u00f6glichkeiten: &#8211; Ofenkacheln &#8211; Spaltplatten &#8211; \u00dcberg\u00e4nge von Kachel auf feuerfeste Materialien &#8211; hohe thermische Beanspruchungen &#8211; Glasbausteine im Innen- und Au\u00dfenbereich &#8211; Betonabdichtungen EHALIN eignet sich f\u00fcr eine Fugenbreite von [&hellip;]<\/p>\n","protected":false},"featured_media":6843,"comment_status":"closed","ping_status":"open","template":"","meta":{"_acf_changed":false},"product_safety_overall":[],"product_brand":[],"product_cat":[1942,1946,1947],"product_tag":[719,720],"class_list":{"0":"post-6842","1":"product","2":"type-product","3":"status-publish","4":"has-post-thumbnail","6":"product_cat-steine-massen-moertel","7":"product_cat-fugenmoertel","8":"product_cat-fugenmoertel-5-kg-eimer","9":"product_tag-fugenmoertel","10":"product_tag-ehalin","12":"first","13":"instock","14":"taxable","15":"shipping-taxable","16":"purchasable","17":"product-type-simple"},"acf":[],"_links":{"self":[{"href":"https:\/\/www.ras-feuerfest.de\/shop\/wp-json\/wp\/v2\/product\/6842","targetHints":{"allow":["GET"]}}],"collection":[{"href":"https:\/\/www.ras-feuerfest.de\/shop\/wp-json\/wp\/v2\/product"}],"about":[{"href":"https:\/\/www.ras-feuerfest.de\/shop\/wp-json\/wp\/v2\/types\/product"}],"replies":[{"embeddable":true,"href":"https:\/\/www.ras-feuerfest.de\/shop\/wp-json\/wp\/v2\/comments?post=6842"}],"wp:featuredmedia":[{"embeddable":true,"href":"https:\/\/www.ras-feuerfest.de\/shop\/wp-json\/wp\/v2\/media\/6843"}],"wp:attachment":[{"href":"https:\/\/www.ras-feuerfest.de\/shop\/wp-json\/wp\/v2\/media?parent=6842"}],"wp:term":[{"taxonomy":"product_safety_overall","embeddable":true,"href":"https:\/\/www.ras-feuerfest.de\/shop\/wp-json\/wp\/v2\/product_safety_overall?post=6842"},{"taxonomy":"product_brand","embeddable":true,"href":"https:\/\/www.ras-feuerfest.de\/shop\/wp-json\/wp\/v2\/product_brand?post=6842"},{"taxonomy":"product_cat","embeddable":true,"href":"https:\/\/www.ras-feuerfest.de\/shop\/wp-json\/wp\/v2\/product_cat?post=6842"},{"taxonomy":"product_tag","embeddable":true,"href":"https:\/\/www.ras-feuerfest.de\/shop\/wp-json\/wp\/v2\/product_tag?post=6842"}],"curies":[{"name":"wp","href":"https:\/\/api.w.org\/{rel}","templated":true}]}}

EHALIN Fugenmörtel ANTHRAZIT  5 kg Eimer

<p><font color="#808000"><strong>EHALIN </strong></font>Fugenmörtel&nbsp;eignet sich Wand und Boden, im Innen- und Außenbereich<font size="3">.</font></p>
<p><font size="3"><u>Eigenschaften:</u></font><br />
<font size="3">&#8211;&nbsp;wasserfest<br />
&#8211; frostsicher<br />
&#8211; hydraulisch abbindend<br />
&#8211; rissfrei<br />
&#8211; nicht brennbar<br />
&#8211; dampfdiffusionsfähig</font></p>
<p><font size="3"><u>Anwendungsmöglichkeiten:</u><br />
&#8211; Ofenkacheln<br />
&#8211; Spaltplatten<br />
&#8211; Übergänge von Kachel auf feuerfeste Materialien<br />
&#8211; hohe thermische Beanspruchungen<br />
&#8211; Glasbausteine im Innen- und Außenbereich<br />
&#8211; Betonabdichtungen</p>
<p>EHALIN eignet sich für eine Fugenbreite von 4- 15 mm</p>
<p>EHALIN </font><font size="3">ist nach 24 Stunden begehbar und nach ca 14 Tagen voll belastbar</font></p>
<p><font size="5"><u>Farbe:</u> </font><font color="#333333" style="BACKGROUND-COLOR: #ffffff"><strong>anthrazit</strong></font></p>
<p><font color="#808000" size="4"><strong><u>Inhalt:</u>&nbsp; 5 kg </strong></font></p>
<p>EHALIN Fugenmörtel ANTHRAZIT  5 kg Eimer</p>

<p>EHALIN Fugenmörtel&nbsp;eignet sich Wand und Boden, im Innen- und Außenbereich. Eigenschaften: &#8211;&nbsp;wasserfest &#8211; frostsicher &#8211; hydraulisch abbindend &#8211; rissfrei &#8211; nicht brennbar &#8211; dampfdiffusionsfähig Anwendungsmöglichkeiten: &#8211; Ofenkacheln &#8211; Spaltplatten &#8211; Übergänge von Kachel auf feuerfeste Materialien &#8211; hohe thermische Beanspruchungen &#8211; Glasbausteine im Innen- und Außenbereich &#8211; Betonabdichtungen EHALIN eignet sich für eine Fugenbreite von [&hellip;]</p>
