{"id":6956,"date":"2024-10-09T17:50:17","date_gmt":"2024-10-09T15:50:17","guid":{"rendered":"https:\/\/www.ras-feuerfest.de\/shop\/product\/ft-fire-verm-strongboard-1150-900-kg-500x305x20-mm\/"},"modified":"2024-10-10T13:40:57","modified_gmt":"2024-10-10T11:40:57","slug":"ft-fire-verm-strongboard-1150-900-kg-500x305x20-mm","status":"publish","type":"product","link":"https:\/\/www.ras-feuerfest.de\/shop\/produkt\/ft-fire-verm-strongboard-1150-900-kg-500x305x20-mm\/","title":{"rendered":"FT-FIRE-VERM Strongboard 1150\/ 900 kg  500x305x20 mm"},"content":{"rendered":"<p><font color=\"#ff6600\" face=\"Verdana\" size=\"3\"><em><strong><font color=\"#808000\">FIRE-VERM Strong-Board 1150-09<\/font><\/strong><\/em><\/font><font color=\"#333333\" size=\"2\"><em><strong> <\/strong><\/em><\/font><font size=\"3\"><strong>Brennraumplatten <\/strong><\/font><font size=\"2\">f\u00fcr Kamineins\u00e4tze, Heizkassetten, Kamin\u00f6fen.<\/font><\/p>\n<p><font color=\"#ff6600\" face=\"Verdana\" size=\"3\"><strong><em><font color=\"#808000\">FV-SB 1100-09<\/font> <\/em><\/strong><\/font><font color=\"#333333\" size=\"2\">ist eine <strong><u>sehr harte<\/u><\/strong>, hitzebest\u00e4ndige Platte aus Vermiculit mit einer maximalen Anwendungstemperatur bis <strong><u>1150 \u00b0C.<\/u><\/strong><br \/>\nDie Platten haben eine <strong><u>sehr hohe mechanische Festigkeit<\/u><\/strong> und sind daher daher&nbsp;f\u00fcr die Erneuerung defekter Platten in Brennr\u00e4umen<\/font><font color=\"#333333\" size=\"2\">&nbsp;von Kaminen, Kamin\u00f6fen, Heizkassetten etc. als Ersatz der Seiten-&nbsp; und R\u00fcckwandplatten, sowie der Flammenumkehrungen bestens geeignet.<\/font><\/p>\n<p><font color=\"#ff6600\" size=\"3\"><strong><em><font color=\"#808000\">FV-SB 1100-09<\/font>&nbsp; <\/em><\/strong><\/font><font color=\"#333333\" size=\"2\">kann leicht mit einer Stichs\u00e4ge bzw. mit Werkzeugen der Holzbearbeitung auf das gew\u00fcnschte Ma\u00df gebracht werden. Die Platten k\u00f6nnen auch gebohrt oder gefr\u00e4st werden.<\/font><\/p>\n<p><font color=\"#ff6600\" size=\"3\"><em><strong><font color=\"#808000\">FV-SB 1100-09<\/font><\/strong><\/em>&nbsp; <\/font><font color=\"#333333\" size=\"2\">ist frei Fasern und gesundheitlich unbedenklich.<\/font><\/p>\n<p><font color=\"#333333\" face=\"Verdana\" size=\"3\"><strong><u>Rohdichte: 900 kg m\u00b3<\/u><\/strong><\/font><\/p>\n<p><font color=\"#333333\" face=\"Verdana\" size=\"3\"><strong><u>Max Anwendungstemperatur 1150 \u00b0C<\/u><\/strong><\/font><\/p>\n<p><font size=\"3\"><u><strong>Plattenformat 500x305x 20 mm<\/strong><\/u><\/font><\/p>\n<p align=\"left\"><span style=\"font-size:14px;\"><font color=\"#333333\"><u><strong>&nbsp;<\/strong><\/u><\/font><\/span><\/p>\n<p>FT-FIRE-VERM Strongboard 1150\/ 900 kg  500x305x20 mm<\/p>\n","protected":false},"excerpt":{"rendered":"<p>FIRE-VERM Strong-Board 1150-09 Brennraumplatten f\u00fcr Kamineins\u00e4tze, Heizkassetten, Kamin\u00f6fen. FV-SB 1100-09 ist eine sehr harte, hitzebest\u00e4ndige Platte aus Vermiculit mit einer maximalen Anwendungstemperatur bis 1150 \u00b0C. Die Platten haben eine sehr hohe mechanische Festigkeit und sind daher daher&nbsp;f\u00fcr die Erneuerung defekter Platten in Brennr\u00e4umen&nbsp;von Kaminen, Kamin\u00f6fen, Heizkassetten etc. als Ersatz der Seiten-&nbsp; und R\u00fcckwandplatten, sowie der [&hellip;]<\/p>\n","protected":false},"featured_media":6940,"comment_status":"closed","ping_status":"open","template":"","meta":{"_acf_changed":false},"product_safety_overall":[],"product_brand":[],"product_cat":[1786,1791,1792],"product_tag":[],"class_list":{"0":"post-6956","1":"product","2":"type-product","3":"status-publish","4":"has-post-thumbnail","6":"product_cat-brennraumplatten","7":"product_cat-brennraumplatten-fire-verm-900-kg","8":"product_cat-brennraumplatten-fire-verm-900-kg-500x305-mm","10":"first","11":"instock","12":"taxable","13":"shipping-taxable","14":"purchasable","15":"product-type-simple"},"acf":[],"_links":{"self":[{"href":"https:\/\/www.ras-feuerfest.de\/shop\/wp-json\/wp\/v2\/product\/6956","targetHints":{"allow":["GET"]}}],"collection":[{"href":"https:\/\/www.ras-feuerfest.de\/shop\/wp-json\/wp\/v2\/product"}],"about":[{"href":"https:\/\/www.ras-feuerfest.de\/shop\/wp-json\/wp\/v2\/types\/product"}],"replies":[{"embeddable":true,"href":"https:\/\/www.ras-feuerfest.de\/shop\/wp-json\/wp\/v2\/comments?post=6956"}],"wp:featuredmedia":[{"embeddable":true,"href":"https:\/\/www.ras-feuerfest.de\/shop\/wp-json\/wp\/v2\/media\/6940"}],"wp:attachment":[{"href":"https:\/\/www.ras-feuerfest.de\/shop\/wp-json\/wp\/v2\/media?parent=6956"}],"wp:term":[{"taxonomy":"product_safety_overall","embeddable":true,"href":"https:\/\/www.ras-feuerfest.de\/shop\/wp-json\/wp\/v2\/product_safety_overall?post=6956"},{"taxonomy":"product_brand","embeddable":true,"href":"https:\/\/www.ras-feuerfest.de\/shop\/wp-json\/wp\/v2\/product_brand?post=6956"},{"taxonomy":"product_cat","embeddable":true,"href":"https:\/\/www.ras-feuerfest.de\/shop\/wp-json\/wp\/v2\/product_cat?post=6956"},{"taxonomy":"product_tag","embeddable":true,"href":"https:\/\/www.ras-feuerfest.de\/shop\/wp-json\/wp\/v2\/product_tag?post=6956"}],"curies":[{"name":"wp","href":"https:\/\/api.w.org\/{rel}","templated":true}]}}