{"id":6985,"date":"2024-10-09T17:50:27","date_gmt":"2024-10-09T15:50:27","guid":{"rendered":"https:\/\/www.ras-feuerfest.de\/shop\/product\/firetex-hochtemperatur-faserfilz-eaf-felt-06-abmess-1250x1000x6-mm\/"},"modified":"2024-10-10T13:42:24","modified_gmt":"2024-10-10T11:42:24","slug":"firetex-hochtemperatur-faserfilz-eaf-felt-06-abmess-1250x1000x6-mm","status":"publish","type":"product","link":"https:\/\/www.ras-feuerfest.de\/shop\/produkt\/firetex-hochtemperatur-faserfilz-eaf-felt-06-abmess-1250x1000x6-mm\/","title":{"rendered":"FIRETEX Hochtemperatur Faserfilz  EAF-Felt-06  Abmess. 1250x1000x6 mm"},"content":{"rendered":"<p>\n\t<strong><span style=\"font-size:14px;\"><span style=\"color:#f0091d;\">FIRETEX&nbsp;<\/span><span style=\"color:#0f8012;\"><em> EAF-FELT<\/em><\/span><\/span><\/strong>&nbsp; ist ein Faser-Filz aus Biol\u00f6slicher Faser mit<br \/>\n\tmit einer max. Anwendungstemperatur von 1200 \u00b0C (das Bindemittel<br \/>\n\tentweicht bei ca. 300 \u00b0C)<\/p>\n<p>\n\tDie Platten sind hochflexibel und eignen sich auch bei Rundungen<br \/>\n\toder scharfen Kanten und passen sich sehr gut an.<br \/>\n\t<span style=\"color:#0f8012;\"><strong>EAF-FELT<\/strong><\/span> l\u00e4sst sich leicht zuschneiden und auch stanzen.<\/p>\n<p>\n\t<u><strong>Einsatzm\u00f6glichkeiten<\/strong><\/u>: z.b. Rauchgasklappen, Brennert\u00fcren, Dehnungsfugen,<br \/>\n\tIsolierung zwischen&nbsp; Herden und K\u00fchlschr\u00e4nken\/ Schr\u00e4nken etc.<br \/>\n\t<span style=\"color:#0f8012;\"><strong>EAF-FELT<\/strong><\/span> eignet sich bestens auch f\u00fcr elastische Dehnungsfugen am<br \/>\n\tFF-Mauerwerk, Glasscheibe-Metallrahmen, etc.<br \/>\n\t&nbsp;<\/p>\n<p>\n\t<span style=\"color:#1010a4;\"><u><strong><span style=\"font-size: 16px;\">Abmessungen: 1250x1000x6 mm<\/span><\/strong><\/u><\/span><\/p>\n<p>FIRETEX Hochtemperatur Faserfilz  EAF-Felt-06  Abmess. 1250x1000x6 mm<\/p>\n","protected":false},"excerpt":{"rendered":"<p>FIRETEX&nbsp; EAF-FELT&nbsp; ist ein Faser-Filz aus Biol\u00f6slicher Faser mit mit einer max. Anwendungstemperatur von 1200 \u00b0C (das Bindemittel entweicht bei ca. 300 \u00b0C) Die Platten sind hochflexibel und eignen sich auch bei Rundungen oder scharfen Kanten und passen sich sehr gut an. EAF-FELT l\u00e4sst sich leicht zuschneiden und auch stanzen. Einsatzm\u00f6glichkeiten: z.b. Rauchgasklappen, Brennert\u00fcren, Dehnungsfugen, [&hellip;]<\/p>\n","protected":false},"featured_media":7705,"comment_status":"closed","ping_status":"open","template":"","meta":{"_acf_changed":false},"product_safety_overall":[],"product_brand":[],"product_cat":[1806,1873],"product_tag":[745,746],"class_list":{"0":"post-6985","1":"product","2":"type-product","3":"status-publish","4":"has-post-thumbnail","6":"product_cat-firetex","7":"product_cat-firetex-faserfilz","8":"product_tag-hochtemperatur-faserfilz","9":"product_tag-felt","11":"first","12":"instock","13":"taxable","14":"shipping-taxable","15":"purchasable","16":"product-type-simple"},"acf":[],"_links":{"self":[{"href":"https:\/\/www.ras-feuerfest.de\/shop\/wp-json\/wp\/v2\/product\/6985","targetHints":{"allow":["GET"]}}],"collection":[{"href":"https:\/\/www.ras-feuerfest.de\/shop\/wp-json\/wp\/v2\/product"}],"about":[{"href":"https:\/\/www.ras-feuerfest.de\/shop\/wp-json\/wp\/v2\/types\/product"}],"replies":[{"embeddable":true,"href":"https:\/\/www.ras-feuerfest.de\/shop\/wp-json\/wp\/v2\/comments?post=6985"}],"wp:featuredmedia":[{"embeddable":true,"href":"https:\/\/www.ras-feuerfest.de\/shop\/wp-json\/wp\/v2\/media\/7705"}],"wp:attachment":[{"href":"https:\/\/www.ras-feuerfest.de\/shop\/wp-json\/wp\/v2\/media?parent=6985"}],"wp:term":[{"taxonomy":"product_safety_overall","embeddable":true,"href":"https:\/\/www.ras-feuerfest.de\/shop\/wp-json\/wp\/v2\/product_safety_overall?post=6985"},{"taxonomy":"product_brand","embeddable":true,"href":"https:\/\/www.ras-feuerfest.de\/shop\/wp-json\/wp\/v2\/product_brand?post=6985"},{"taxonomy":"product_cat","embeddable":true,"href":"https:\/\/www.ras-feuerfest.de\/shop\/wp-json\/wp\/v2\/product_cat?post=6985"},{"taxonomy":"product_tag","embeddable":true,"href":"https:\/\/www.ras-feuerfest.de\/shop\/wp-json\/wp\/v2\/product_tag?post=6985"}],"curies":[{"name":"wp","href":"https:\/\/api.w.org\/{rel}","templated":true}]}}

<p>
	<strong><span style="font-size:14px;"><span style="color:#f0091d;">FIRETEX&nbsp;</span><span style="color:#0f8012;"><em> EAF-FELT</em></span></span></strong>&nbsp; ist ein Faser-Filz aus Biolöslicher Faser mit<br />
	mit einer max. Anwendungstemperatur von 1200 °C (das Bindemittel<br />
	entweicht bei ca. 300 °C)</p>
<p>
	Die Platten sind hochflexibel und eignen sich auch bei Rundungen<br />
	oder scharfen Kanten und passen sich sehr gut an.<br />
	<span style="color:#0f8012;"><strong>EAF-FELT</strong></span> lässt sich leicht zuschneiden und auch stanzen.</p>
<p>
	<u><strong>Einsatzmöglichkeiten</strong></u>: z.b. Rauchgasklappen, Brennertüren, Dehnungsfugen,<br />
	Isolierung zwischen&nbsp; Herden und Kühlschränken/ Schränken etc.<br />
	<span style="color:#0f8012;"><strong>EAF-FELT</strong></span> eignet sich bestens auch für elastische Dehnungsfugen am<br />
	FF-Mauerwerk, Glasscheibe-Metallrahmen, etc.<br />
	&nbsp;</p>
<p>
	<span style="color:#1010a4;"><u><strong><span style="font-size: 16px;">Abmessungen: 1250x1000x6 mm</span></strong></u></span></p>
<p>FIRETEX Hochtemperatur Faserfilz  EAF-Felt-06  Abmess. 1250x1000x6 mm</p>

<p>FIRETEX&nbsp; EAF-FELT&nbsp; ist ein Faser-Filz aus Biolöslicher Faser mit mit einer max. Anwendungstemperatur von 1200 °C (das Bindemittel entweicht bei ca. 300 °C) Die Platten sind hochflexibel und eignen sich auch bei Rundungen oder scharfen Kanten und passen sich sehr gut an. EAF-FELT lässt sich leicht zuschneiden und auch stanzen. Einsatzmöglichkeiten: z.b. Rauchgasklappen, Brennertüren, Dehnungsfugen, [&hellip;]</p>
