{"id":7036,"date":"2024-10-09T17:50:47","date_gmt":"2024-10-09T15:50:47","guid":{"rendered":"https:\/\/www.ras-feuerfest.de\/shop\/product\/firetex-glasfaserhaekelschnur-gfs-h-06r-durchm-6-mm-100-m-rolle\/"},"modified":"2024-10-10T13:42:00","modified_gmt":"2024-10-10T11:42:00","slug":"firetex-glasfaserhaekelschnur-gfs-h-06r-durchm-6-mm-100-m-rolle","status":"publish","type":"product","link":"https:\/\/www.ras-feuerfest.de\/shop\/produkt\/firetex-glasfaserhaekelschnur-gfs-h-06r-durchm-6-mm-100-m-rolle\/","title":{"rendered":"FIRETEX Glasfaserh\u00e4kelschnur  GFS-H-06R Durchm. 6 mm\/ 100 m Rolle"},"content":{"rendered":"<p>\n\t<font size=\"2\" style=\"FONT-WEIGHT: bold; FONT-FAMILY: Verdana\"><span style=\"COLOR: rgb(255,102,0)\">FIRETEX<\/span><\/font> G<span style=\"FONT-FAMILY: Verdana\">lasfaserh\u00e4kelschnur ist unter anderem f\u00fcr folgende Anwendungsm\u00f6glichkeiten einsetzbar:<\/span><br style=\"FONT-FAMILY: Verdana\" \/><br \/>\n\t<span style=\"FONT-FAMILY: Verdana\">a<\/span><span style=\"FONT-STYLE: italic; FONT-FAMILY: Verdana\">ls Dichtungsschn\u00fcre bei Kamin\u00f6fen, Kachl\u00f6fen, Heizkessel, Rauchgas- und L\u00fcftungsklappen, als Dehnungsfuge bei Heizkassetten, usw.<\/span><br style=\"FONT-STYLE: italic; FONT-FAMILY: Verdana\" \/><br \/>\n\t<span style=\"FONT-STYLE: italic; FONT-FAMILY: Verdana\">Die Glasfaserh\u00e4kelschnur passt sich durch die elastische Beschaffenheit sehr gut an.<\/span><br style=\"FONT-STYLE: italic; FONT-FAMILY: Verdana\" \/><br \/>\n\t<span style=\"FONT-STYLE: italic; FONT-FAMILY: Verdana\">Die maximale Einsatztemperatur betr\u00e4gt 550 \u00b0C.<\/span><br style=\"FONT-STYLE: italic; FONT-FAMILY: Verdana\" \/><br \/>\n\t<br style=\"FONT-STYLE: italic; FONT-FAMILY: Verdana\" \/><br \/>\n\t<span style=\"FONT-STYLE: italic; FONT-FAMILY: Verdana\">Zum sauberen Abkleben der Schnurenden eignet sich <\/span><span style=\"FONT-WEIGHT: bold; FONT-FAMILY: Verdana\"><span style=\"COLOR: rgb(255,102,0)\">FIRETEX-Abklebeband<\/span><\/span><br \/>\n\t<span style=\"FONT-STYLE: italic; FONT-FAMILY: Verdana\">und zum Einkleben der Sch\u00fcre empfehlen wir <\/span><span style=\"FONT-WEIGHT: bold; FONT-FAMILY: Verdana\"><span style=\"COLOR: rgb(255,102,0)\">FIRETEX C1070<\/span><\/span><span style=\"FONT-STYLE: italic; FONT-FAMILY: Verdana\"> oder <\/span><span style=\"FONT-WEIGHT: bold; COLOR: rgb(255,102,0); FONT-FAMILY: Verdana\">C1090<\/span><br style=\"FONT-FAMILY: Verdana\" \/><br \/>\n\t<br \/>\n\t<span style=\"FONT-WEIGHT: bold; FONT-FAMILY: Verdana; TEXT-DECORATION: underline\">Inhalt:<\/span><span style=\"FONT-WEIGHT: bold; FONT-FAMILY: Verdana\">&nbsp; Rolle 100 mtr. H\u00e4kelglasschnur wei\u00df, \u00d8 6 mm.<\/span><\/p>\n<p>\t<span style=\"FONT-WEIGHT: bold; FONT-STYLE: italic; FONT-FAMILY: Verdana; TEXT-DECORATION: underline\">Farbe der Schnur: wei\u00df<\/span><br \/>\n\t&nbsp;<\/p>\n<p>FIRETEX Glasfaserh\u00e4kelschnur  GFS-H-06R Durchm. 6 mm\/ 100 m Rolle<\/p>\n","protected":false},"excerpt":{"rendered":"<p>FIRETEX Glasfaserh\u00e4kelschnur ist unter anderem f\u00fcr folgende Anwendungsm\u00f6glichkeiten einsetzbar: als Dichtungsschn\u00fcre bei Kamin\u00f6fen, Kachl\u00f6fen, Heizkessel, Rauchgas- und L\u00fcftungsklappen, als Dehnungsfuge bei Heizkassetten, usw. Die Glasfaserh\u00e4kelschnur passt sich durch die elastische Beschaffenheit sehr gut an. Die maximale Einsatztemperatur betr\u00e4gt 550 \u00b0C. Zum sauberen Abkleben der Schnurenden eignet sich FIRETEX-Abklebeband und zum Einkleben der Sch\u00fcre empfehlen wir [&hellip;]<\/p>\n","protected":false},"featured_media":7708,"comment_status":"closed","ping_status":"open","template":"","meta":{"_acf_changed":false},"product_safety_overall":[],"product_brand":[],"product_cat":[1806,1847,1848,1849,1853],"product_tag":[],"class_list":{"0":"post-7036","1":"product","2":"type-product","3":"status-publish","4":"has-post-thumbnail","6":"product_cat-firetex","7":"product_cat-firetex-dichtungsschnuere-rund","8":"product_cat-glasfaser-dichtungsschnuere_rund","9":"product_cat-firetex-dichtungsschnuere-rund-glasfaser-haekelschnur-weich","10":"product_cat-rolle-haekelschnur_weich","12":"first","13":"instock","14":"taxable","15":"shipping-taxable","16":"purchasable","17":"product-type-simple"},"acf":[],"_links":{"self":[{"href":"https:\/\/www.ras-feuerfest.de\/shop\/wp-json\/wp\/v2\/product\/7036","targetHints":{"allow":["GET"]}}],"collection":[{"href":"https:\/\/www.ras-feuerfest.de\/shop\/wp-json\/wp\/v2\/product"}],"about":[{"href":"https:\/\/www.ras-feuerfest.de\/shop\/wp-json\/wp\/v2\/types\/product"}],"replies":[{"embeddable":true,"href":"https:\/\/www.ras-feuerfest.de\/shop\/wp-json\/wp\/v2\/comments?post=7036"}],"wp:featuredmedia":[{"embeddable":true,"href":"https:\/\/www.ras-feuerfest.de\/shop\/wp-json\/wp\/v2\/media\/7708"}],"wp:attachment":[{"href":"https:\/\/www.ras-feuerfest.de\/shop\/wp-json\/wp\/v2\/media?parent=7036"}],"wp:term":[{"taxonomy":"product_safety_overall","embeddable":true,"href":"https:\/\/www.ras-feuerfest.de\/shop\/wp-json\/wp\/v2\/product_safety_overall?post=7036"},{"taxonomy":"product_brand","embeddable":true,"href":"https:\/\/www.ras-feuerfest.de\/shop\/wp-json\/wp\/v2\/product_brand?post=7036"},{"taxonomy":"product_cat","embeddable":true,"href":"https:\/\/www.ras-feuerfest.de\/shop\/wp-json\/wp\/v2\/product_cat?post=7036"},{"taxonomy":"product_tag","embeddable":true,"href":"https:\/\/www.ras-feuerfest.de\/shop\/wp-json\/wp\/v2\/product_tag?post=7036"}],"curies":[{"name":"wp","href":"https:\/\/api.w.org\/{rel}","templated":true}]}}