{"id":7119,"date":"2024-10-09T17:51:41","date_gmt":"2024-10-09T15:51:41","guid":{"rendered":"https:\/\/www.ras-feuerfest.de\/shop\/product\/firetex-glasfaserband-10x3-mm-50-meter-rolle\/"},"modified":"2024-10-10T13:41:38","modified_gmt":"2024-10-10T11:41:38","slug":"firetex-glasfaserband-10x3-mm-50-meter-rolle","status":"publish","type":"product","link":"https:\/\/www.ras-feuerfest.de\/shop\/produkt\/firetex-glasfaserband-10x3-mm-50-meter-rolle\/","title":{"rendered":"FIRETEX Glasfaserband 10&#215;3 mm \/ 50 Meter Rolle"},"content":{"rendered":"<p>\n\t<span style=\"color:#f40505;\"><font size=\"3\"><strong>FIRETEX <\/strong><\/font><\/span><font face=\"Verdana\">GFS&nbsp;<\/font> ist ein gewebtes Glasfaserband<font face=\"Verdana\">.<\/font><\/p>\n<p>\n\t<font size=\"3\"><u>Anwendungsm\u00f6glichkeiten:<\/u> <em>Kamine und Kaminn\u00f6fen, Kachel\u00f6fen, Holzkessel und Holzvergaser, Heizungsbau, Apparatebau, usw. z. B. als Wickelisolation, Dichtung von Glasscheiben,&nbsp; Dehnungsfugen im feuerfesten Mauerwerk, z.B. Schamottesteine, etc.<\/em><\/font><\/p>\n<p>\n\t<font size=\"3\"><u>Anwendungstemperatur:<\/u> max 550 \u00b0C<\/font><\/p>\n<p>\n\t<font size=\"3\"><u>Abmessungen<\/u>:&nbsp; <\/font><br \/>\n\t<font size=\"3\"><em>10 mm Breit<br \/>\n\t&nbsp; 3<\/em><\/font><em><font size=\"3\"> mm Dick<\/font><br \/>\n\t<font size=\"3\">50 m&nbsp;&nbsp; <\/font><font size=\"3\">Rollenl\u00e4nge<\/font><\/em><\/p>\n<p>FIRETEX Glasfaserband 10&#215;3 mm \/ 50 Meter Rolle<\/p>\n","protected":false},"excerpt":{"rendered":"<p>FIRETEX GFS&nbsp; ist ein gewebtes Glasfaserband. Anwendungsm\u00f6glichkeiten: Kamine und Kaminn\u00f6fen, Kachel\u00f6fen, Holzkessel und Holzvergaser, Heizungsbau, Apparatebau, usw. z. B. als Wickelisolation, Dichtung von Glasscheiben,&nbsp; Dehnungsfugen im feuerfesten Mauerwerk, z.B. Schamottesteine, etc. Anwendungstemperatur: max 550 \u00b0C Abmessungen:&nbsp; 10 mm Breit &nbsp; 3 mm Dick 50 m&nbsp;&nbsp; Rollenl\u00e4nge FIRETEX Glasfaserband 10&#215;3 mm \/ 50 Meter Rolle<\/p>\n","protected":false},"featured_media":7717,"comment_status":"closed","ping_status":"open","template":"","meta":{"_acf_changed":false},"product_safety_overall":[],"product_brand":[],"product_cat":[1806,1815,1816,1825,1829,1832],"product_tag":[766,767],"class_list":{"0":"post-7119","1":"product","2":"type-product","3":"status-publish","4":"has-post-thumbnail","6":"product_cat-firetex","7":"product_cat-firetex-dichtungsbaender","8":"product_cat-glasfaser-dichtungsbaender","9":"product_cat-firetex-dichtungsbaender-glasfaser-weiss","10":"product_cat-firetex-dichtungsbaender-glasfaser-weiss-selbstklebend","11":"product_cat-rolle-selbstklebend","12":"product_tag-glasfaserband","13":"product_tag-glasfaserband-selbstklebend","15":"first","16":"instock","17":"taxable","18":"shipping-taxable","19":"purchasable","20":"product-type-simple"},"acf":[],"_links":{"self":[{"href":"https:\/\/www.ras-feuerfest.de\/shop\/wp-json\/wp\/v2\/product\/7119","targetHints":{"allow":["GET"]}}],"collection":[{"href":"https:\/\/www.ras-feuerfest.de\/shop\/wp-json\/wp\/v2\/product"}],"about":[{"href":"https:\/\/www.ras-feuerfest.de\/shop\/wp-json\/wp\/v2\/types\/product"}],"replies":[{"embeddable":true,"href":"https:\/\/www.ras-feuerfest.de\/shop\/wp-json\/wp\/v2\/comments?post=7119"}],"wp:featuredmedia":[{"embeddable":true,"href":"https:\/\/www.ras-feuerfest.de\/shop\/wp-json\/wp\/v2\/media\/7717"}],"wp:attachment":[{"href":"https:\/\/www.ras-feuerfest.de\/shop\/wp-json\/wp\/v2\/media?parent=7119"}],"wp:term":[{"taxonomy":"product_safety_overall","embeddable":true,"href":"https:\/\/www.ras-feuerfest.de\/shop\/wp-json\/wp\/v2\/product_safety_overall?post=7119"},{"taxonomy":"product_brand","embeddable":true,"href":"https:\/\/www.ras-feuerfest.de\/shop\/wp-json\/wp\/v2\/product_brand?post=7119"},{"taxonomy":"product_cat","embeddable":true,"href":"https:\/\/www.ras-feuerfest.de\/shop\/wp-json\/wp\/v2\/product_cat?post=7119"},{"taxonomy":"product_tag","embeddable":true,"href":"https:\/\/www.ras-feuerfest.de\/shop\/wp-json\/wp\/v2\/product_tag?post=7119"}],"curies":[{"name":"wp","href":"https:\/\/api.w.org\/{rel}","templated":true}]}}