{"id":7222,"date":"2024-10-09T17:52:37","date_gmt":"2024-10-09T15:52:37","guid":{"rendered":"https:\/\/www.ras-feuerfest.de\/shop\/product\/firetex-keramikfaserrundpackung-geflochten-fsp-in-06b5-durchmesser-6-mm-5-m-laenge\/"},"modified":"2024-10-10T13:42:13","modified_gmt":"2024-10-10T11:42:13","slug":"firetex-keramikfaserrundpackung-geflochten-fsp-in-06b5-durchmesser-6-mm-5-m-laenge","status":"publish","type":"product","link":"https:\/\/www.ras-feuerfest.de\/shop\/produkt\/firetex-keramikfaserrundpackung-geflochten-fsp-in-06b5-durchmesser-6-mm-5-m-laenge\/","title":{"rendered":"FIRETEX Keramikfaserrundpackung, geflochten FSP-IN-06B5  Durchmesser 6 mm\/ 5 m L\u00e4nge"},"content":{"rendered":"<p>\n\t<font color=\"#333333\" face=\"Verdana\" size=\"2\"><strong><font color=\"#0000ff\">FIRETEX<\/font>&nbsp;<\/strong><\/font>&nbsp;<font face=\"Verdana\"><strong><u><font color=\"#0000ff\">Keramikfaser<\/font><\/u><\/strong><span style=\"FONT-FAMILY: Verdana\"><strong><u><font color=\"#0000ff\">packung RUND&nbsp;<\/font><\/u><\/strong> ist eine <strong><u><font color=\"#808080\">geflochtene Schnur mit einer&nbsp;Edelstahl Verst\u00e4rkung <\/font><\/u><\/strong><\/span><\/font><\/p>\n<p>\n\tFire-String-Pack<br \/>\n\tCeram- Rund-Packung, Keramikfaser<br \/>\n\tInconell verst\u00e4rkt,<\/p>\n<p>\n\t<font color=\"#333333\" face=\"Verdana\" size=\"2\"><span style=\"FONT-FAMILY: Verdana\"><u>Anwendungsm\u00f6glichkeiten:<\/u><\/span><br style=\"FONT-FAMILY: Verdana\" \/><br \/>\n\t<span style=\"FONT-FAMILY: Verdana\">a<\/span><span style=\"FONT-STYLE: italic; FONT-FAMILY: Verdana\">ls Dichtungsschn\u00fcre bei Kamin\u00f6fen, Kachl\u00f6fen, Heizkessel, Rauchgas- und L\u00fcftungsklappen, als Dehnungsfuge bei Heizkassetten, Ofen- und Anlagenbau, Dehnungsfugen im Hochtemperaturbereich usw.<\/span><br style=\"FONT-STYLE: italic; FONT-FAMILY: Verdana\" \/><br \/>\n\t<span style=\"FONT-STYLE: italic; FONT-FAMILY: Verdana\">Die Glasfaserh\u00e4kelschnur passt sich durch die elastische Beschaffenheit sehr gut an.<\/span><br style=\"FONT-STYLE: italic; FONT-FAMILY: Verdana\" \/><br \/>\n\t<span style=\"FONT-STYLE: italic; FONT-FAMILY: Verdana\">Die maximale Einsatztemperatur betr\u00e4gt&nbsp;1260 \u00b0C.<\/span><br style=\"FONT-STYLE: italic; FONT-FAMILY: Verdana\" \/><br \/>\n\t<span style=\"FONT-STYLE: italic; FONT-FAMILY: Verdana\">Zum Einkleben der Sch\u00fcre empfehlen wir <\/span><span style=\"FONT-FAMILY: Verdana; FONT-WEIGHT: bold\"><span style=\"COLOR: rgb(255,102,0)\">FIRETEX FCA1500<\/span><\/span><\/font><\/p>\n<p>\n\t<font color=\"#333333\" face=\"Verdana\" size=\"2\"><span style=\"FONT-FAMILY: Verdana; FONT-WEIGHT: bold; TEXT-DECORATION: underline\">Inhalt:<\/span><span style=\"FONT-FAMILY: Verdana; FONT-WEIGHT: bold\"> wiederverschlie\u00dfbare Box mit 5 mtr.&nbsp; \u00d8 8 mm. <\/span><\/font><\/p>\n<p>\n\t<br \/>\n\t<font color=\"#333333\" face=\"Verdana\" size=\"2\"><span style=\"FONT-STYLE: italic; FONT-FAMILY: Verdana; FONT-WEIGHT: bold; TEXT-DECORATION: underline\">Farbe der Schnur: grau<\/span><\/font><\/p>\n<p>FIRETEX Keramikfaserrundpackung, geflochten FSP-IN-06B5  Durchmesser 6 mm\/ 5 m L\u00e4nge<\/p>\n","protected":false},"excerpt":{"rendered":"<p>FIRETEX&nbsp;&nbsp;Keramikfaserpackung RUND&nbsp; ist eine geflochtene Schnur mit einer&nbsp;Edelstahl Verst\u00e4rkung Fire-String-Pack Ceram- Rund-Packung, Keramikfaser Inconell verst\u00e4rkt, Anwendungsm\u00f6glichkeiten: als Dichtungsschn\u00fcre bei Kamin\u00f6fen, Kachl\u00f6fen, Heizkessel, Rauchgas- und L\u00fcftungsklappen, als Dehnungsfuge bei Heizkassetten, Ofen- und Anlagenbau, Dehnungsfugen im Hochtemperaturbereich usw. Die Glasfaserh\u00e4kelschnur passt sich durch die elastische Beschaffenheit sehr gut an. Die maximale Einsatztemperatur betr\u00e4gt&nbsp;1260 \u00b0C. Zum Einkleben der [&hellip;]<\/p>\n","protected":false},"featured_media":7730,"comment_status":"closed","ping_status":"open","template":"","meta":{"_acf_changed":false},"product_safety_overall":[],"product_brand":[],"product_cat":[1806,1847,1864,1865],"product_tag":[759,760,761,774,775],"class_list":{"0":"post-7222","1":"product","2":"type-product","3":"status-publish","4":"has-post-thumbnail","6":"product_cat-firetex","7":"product_cat-firetex-dichtungsschnuere-rund","8":"product_cat-keramikfaser-dichtungsschnuere_rund","9":"product_cat-firetex-dichtungsschnuere-rund-keramikfaser-5-meter","10":"product_tag-dichtunsgschnur-glas","11":"product_tag-glasfaserhaekelschnur","12":"product_tag-ofentuerdichtschnur","13":"product_tag-kermikfaserrundpackung","14":"product_tag-keramikfaserschnur","16":"first","17":"instock","18":"taxable","19":"shipping-taxable","20":"purchasable","21":"product-type-simple"},"acf":[],"_links":{"self":[{"href":"https:\/\/www.ras-feuerfest.de\/shop\/wp-json\/wp\/v2\/product\/7222","targetHints":{"allow":["GET"]}}],"collection":[{"href":"https:\/\/www.ras-feuerfest.de\/shop\/wp-json\/wp\/v2\/product"}],"about":[{"href":"https:\/\/www.ras-feuerfest.de\/shop\/wp-json\/wp\/v2\/types\/product"}],"replies":[{"embeddable":true,"href":"https:\/\/www.ras-feuerfest.de\/shop\/wp-json\/wp\/v2\/comments?post=7222"}],"wp:featuredmedia":[{"embeddable":true,"href":"https:\/\/www.ras-feuerfest.de\/shop\/wp-json\/wp\/v2\/media\/7730"}],"wp:attachment":[{"href":"https:\/\/www.ras-feuerfest.de\/shop\/wp-json\/wp\/v2\/media?parent=7222"}],"wp:term":[{"taxonomy":"product_safety_overall","embeddable":true,"href":"https:\/\/www.ras-feuerfest.de\/shop\/wp-json\/wp\/v2\/product_safety_overall?post=7222"},{"taxonomy":"product_brand","embeddable":true,"href":"https:\/\/www.ras-feuerfest.de\/shop\/wp-json\/wp\/v2\/product_brand?post=7222"},{"taxonomy":"product_cat","embeddable":true,"href":"https:\/\/www.ras-feuerfest.de\/shop\/wp-json\/wp\/v2\/product_cat?post=7222"},{"taxonomy":"product_tag","embeddable":true,"href":"https:\/\/www.ras-feuerfest.de\/shop\/wp-json\/wp\/v2\/product_tag?post=7222"}],"curies":[{"name":"wp","href":"https:\/\/api.w.org\/{rel}","templated":true}]}}