{"id":7304,"date":"2024-10-09T17:53:15","date_gmt":"2024-10-09T15:53:15","guid":{"rendered":"https:\/\/www.ras-feuerfest.de\/shop\/product\/firetex-spannbaender-va-mit-spannschloss-durchmesser-von-60-325-mm\/"},"modified":"2024-10-10T13:42:47","modified_gmt":"2024-10-10T11:42:47","slug":"firetex-spannbaender-va-mit-spannschloss-durchmesser-von-60-325-mm","status":"publish","type":"product","link":"https:\/\/www.ras-feuerfest.de\/shop\/produkt\/firetex-spannbaender-va-mit-spannschloss-durchmesser-von-60-325-mm\/","title":{"rendered":"FIRETEX Spannb\u00e4nder VA mit Spannschlo\u00df Durchmesser von 60-325 mm"},"content":{"rendered":"<p>\n\tSpannb\u00e4nder&nbsp; aus Edelstahl mit festem Schlo\u00df&#8230;&#8230;..Einfach&nbsp; in der Montage!<\/p>\n<p>\n\tf\u00fcr Rohrdurchmesser bis 325 mm<\/p>\n<p>FIRETEX Spannb\u00e4nder VA mit Spannschlo\u00df Durchmesser von 60-325 mm<\/p>\n","protected":false},"excerpt":{"rendered":"<p>Spannb\u00e4nder&nbsp; aus Edelstahl mit festem Schlo\u00df&#8230;&#8230;..Einfach&nbsp; in der Montage! f\u00fcr Rohrdurchmesser bis 325 mm FIRETEX Spannb\u00e4nder VA mit Spannschlo\u00df Durchmesser von 60-325 mm<\/p>\n","protected":false},"featured_media":7745,"comment_status":"closed","ping_status":"open","template":"","meta":{"_acf_changed":false},"product_safety_overall":[],"product_brand":[],"product_cat":[1806,1900,1901],"product_tag":[786],"class_list":{"0":"post-7304","1":"product","2":"type-product","3":"status-publish","4":"has-post-thumbnail","6":"product_cat-firetex","7":"product_cat-isolierung-ofenrohrisolation","8":"product_cat-firetex-ofenrohrisolation-dichmannschetten-fuer-rohrstoesse","9":"product_tag-spannbaender-auf-edelstahl","11":"first","12":"instock","13":"taxable","14":"shipping-taxable","15":"purchasable","16":"product-type-simple"},"acf":[],"_links":{"self":[{"href":"https:\/\/www.ras-feuerfest.de\/shop\/wp-json\/wp\/v2\/product\/7304","targetHints":{"allow":["GET"]}}],"collection":[{"href":"https:\/\/www.ras-feuerfest.de\/shop\/wp-json\/wp\/v2\/product"}],"about":[{"href":"https:\/\/www.ras-feuerfest.de\/shop\/wp-json\/wp\/v2\/types\/product"}],"replies":[{"embeddable":true,"href":"https:\/\/www.ras-feuerfest.de\/shop\/wp-json\/wp\/v2\/comments?post=7304"}],"wp:featuredmedia":[{"embeddable":true,"href":"https:\/\/www.ras-feuerfest.de\/shop\/wp-json\/wp\/v2\/media\/7745"}],"wp:attachment":[{"href":"https:\/\/www.ras-feuerfest.de\/shop\/wp-json\/wp\/v2\/media?parent=7304"}],"wp:term":[{"taxonomy":"product_safety_overall","embeddable":true,"href":"https:\/\/www.ras-feuerfest.de\/shop\/wp-json\/wp\/v2\/product_safety_overall?post=7304"},{"taxonomy":"product_brand","embeddable":true,"href":"https:\/\/www.ras-feuerfest.de\/shop\/wp-json\/wp\/v2\/product_brand?post=7304"},{"taxonomy":"product_cat","embeddable":true,"href":"https:\/\/www.ras-feuerfest.de\/shop\/wp-json\/wp\/v2\/product_cat?post=7304"},{"taxonomy":"product_tag","embeddable":true,"href":"https:\/\/www.ras-feuerfest.de\/shop\/wp-json\/wp\/v2\/product_tag?post=7304"}],"curies":[{"name":"wp","href":"https:\/\/api.w.org\/{rel}","templated":true}]}}