{"id":7314,"date":"2024-10-09T17:53:15","date_gmt":"2024-10-09T15:53:15","guid":{"rendered":"https:\/\/www.ras-feuerfest.de\/shop\/product\/firetex-funkenschutzmatte-groesse-2-2000x1000-mm\/"},"modified":"2024-10-10T13:42:46","modified_gmt":"2024-10-10T11:42:46","slug":"firetex-funkenschutzmatte-groesse-2-2000x1000-mm","status":"publish","type":"product","link":"https:\/\/www.ras-feuerfest.de\/shop\/produkt\/firetex-funkenschutzmatte-groesse-2-2000x1000-mm\/","title":{"rendered":"FIRETEX Funkenschutzmatte Gr\u00f6\u00dfe 2  2000&#215;1000 mm"},"content":{"rendered":"<p>\n\t<font size=\"3\">Funkenschutzmatte zum Abdecken von empfindlichen Ger\u00e4ten und Materialien <\/font><br \/>\n\t<font size=\"3\">bei Schwei\u00df- <\/font><font size=\"3\">und L\u00f6tarbeiten.<br \/>\n\tDer enstehende Funkenflug kann sich somit nicht in die Ger\u00e4te, etc. einbrennen.<\/font><\/p>\n<p>\t<font size=\"3\">Die Firetex Funkenschutmatte besteht aus einem Glasfasergewebe, welches 1-seitig Aluminium beschichtet ist. Die Kanten sind&nbsp; ums\u00e4umt.<\/font><\/p>\n<p>\n\t<font size=\"3\"><u>Abmessung: 1000&#215;1000 mm2<\/u><\/font><\/p>\n<p>FIRETEX Funkenschutzmatte Gr\u00f6\u00dfe 2  2000&#215;1000 mm<\/p>\n","protected":false},"excerpt":{"rendered":"<p>Funkenschutzmatte zum Abdecken von empfindlichen Ger\u00e4ten und Materialien bei Schwei\u00df- und L\u00f6tarbeiten. Der enstehende Funkenflug kann sich somit nicht in die Ger\u00e4te, etc. einbrennen. Die Firetex Funkenschutmatte besteht aus einem Glasfasergewebe, welches 1-seitig Aluminium beschichtet ist. Die Kanten sind&nbsp; ums\u00e4umt. Abmessung: 1000&#215;1000 mm2 FIRETEX Funkenschutzmatte Gr\u00f6\u00dfe 2 2000&#215;1000 mm<\/p>\n","protected":false},"featured_media":7748,"comment_status":"closed","ping_status":"open","template":"","meta":{"_acf_changed":false},"product_safety_overall":[],"product_brand":[],"product_cat":[1806,1899],"product_tag":[],"class_list":{"0":"post-7314","1":"product","2":"type-product","3":"status-publish","4":"has-post-thumbnail","6":"product_cat-firetex","7":"product_cat-firetex-funkenschutzmatten","9":"first","10":"instock","11":"taxable","12":"shipping-taxable","13":"purchasable","14":"product-type-simple"},"acf":[],"_links":{"self":[{"href":"https:\/\/www.ras-feuerfest.de\/shop\/wp-json\/wp\/v2\/product\/7314","targetHints":{"allow":["GET"]}}],"collection":[{"href":"https:\/\/www.ras-feuerfest.de\/shop\/wp-json\/wp\/v2\/product"}],"about":[{"href":"https:\/\/www.ras-feuerfest.de\/shop\/wp-json\/wp\/v2\/types\/product"}],"replies":[{"embeddable":true,"href":"https:\/\/www.ras-feuerfest.de\/shop\/wp-json\/wp\/v2\/comments?post=7314"}],"wp:featuredmedia":[{"embeddable":true,"href":"https:\/\/www.ras-feuerfest.de\/shop\/wp-json\/wp\/v2\/media\/7748"}],"wp:attachment":[{"href":"https:\/\/www.ras-feuerfest.de\/shop\/wp-json\/wp\/v2\/media?parent=7314"}],"wp:term":[{"taxonomy":"product_safety_overall","embeddable":true,"href":"https:\/\/www.ras-feuerfest.de\/shop\/wp-json\/wp\/v2\/product_safety_overall?post=7314"},{"taxonomy":"product_brand","embeddable":true,"href":"https:\/\/www.ras-feuerfest.de\/shop\/wp-json\/wp\/v2\/product_brand?post=7314"},{"taxonomy":"product_cat","embeddable":true,"href":"https:\/\/www.ras-feuerfest.de\/shop\/wp-json\/wp\/v2\/product_cat?post=7314"},{"taxonomy":"product_tag","embeddable":true,"href":"https:\/\/www.ras-feuerfest.de\/shop\/wp-json\/wp\/v2\/product_tag?post=7314"}],"curies":[{"name":"wp","href":"https:\/\/api.w.org\/{rel}","templated":true}]}}