{"id":7368,"date":"2024-10-09T17:53:36","date_gmt":"2024-10-09T15:53:36","guid":{"rendered":"https:\/\/www.ras-feuerfest.de\/shop\/product\/rueckwandbuerste-m10-innen-stahldraht-80-mm\/"},"modified":"2024-10-10T13:43:04","modified_gmt":"2024-10-10T11:43:04","slug":"rueckwandbuerste-m10-innen-stahldraht-80-mm","status":"publish","type":"product","link":"https:\/\/www.ras-feuerfest.de\/shop\/produkt\/rueckwandbuerste-m10-innen-stahldraht-80-mm\/","title":{"rendered":"R\u00fcckwandb\u00fcrste M10 innen Stahldraht 80 mm"},"content":{"rendered":"<p>\n\t<font color=\"#333333\" face=\"Verdana\" size=\"2\">Kesselreinigungsb\u00fcrste Segmentf\u00f6rmig&nbsp; aus gewelltem Stahldraht, Drehdraht und Muffe verzinkt<br \/>\n\tSeiten- und R\u00fcckwandb\u00fcrste.<\/font><\/p>\n<p>\n\t<font color=\"#333333\" face=\"Verdana\" size=\"2\"><strong><u>Abmessungen:<\/u><\/strong>&nbsp; Durchmesser <\/font><font face=\"Verdana\">8<\/font>0 mm, Besatzl\u00e4nge 1<font face=\"Verdana\">5<\/font>0 mm, Gesaml\u00e4nge 1<font face=\"Verdana\">5<\/font>0 mm<\/p>\n<p>R\u00fcckwandb\u00fcrste M10 innen Stahldraht 80 mm<\/p>\n","protected":false},"excerpt":{"rendered":"<p>Kesselreinigungsb\u00fcrste Segmentf\u00f6rmig&nbsp; aus gewelltem Stahldraht, Drehdraht und Muffe verzinkt Seiten- und R\u00fcckwandb\u00fcrste. Abmessungen:&nbsp; Durchmesser 80 mm, Besatzl\u00e4nge 150 mm, Gesaml\u00e4nge 150 mm R\u00fcckwandb\u00fcrste M10 innen Stahldraht 80 mm<\/p>\n","protected":false},"featured_media":7758,"comment_status":"closed","ping_status":"open","template":"","meta":{"_acf_changed":false},"product_safety_overall":[],"product_brand":[],"product_cat":[1906,1913,1914,1917],"product_tag":[],"class_list":{"0":"post-7368","1":"product","2":"type-product","3":"status-publish","4":"has-post-thumbnail","6":"product_cat-reinigungsbuersten","7":"product_cat-m10-innen-gewinde","8":"product_cat-reinigungsbuersten-m10-muffe-m10-muffe-stahldraht","9":"product_cat-reinigungsbuersten-m10-muffe-m10-muffe-stahldraht-rueckwandbuersten","11":"first","12":"instock","13":"taxable","14":"shipping-taxable","15":"purchasable","16":"product-type-simple"},"acf":[],"_links":{"self":[{"href":"https:\/\/www.ras-feuerfest.de\/shop\/wp-json\/wp\/v2\/product\/7368","targetHints":{"allow":["GET"]}}],"collection":[{"href":"https:\/\/www.ras-feuerfest.de\/shop\/wp-json\/wp\/v2\/product"}],"about":[{"href":"https:\/\/www.ras-feuerfest.de\/shop\/wp-json\/wp\/v2\/types\/product"}],"replies":[{"embeddable":true,"href":"https:\/\/www.ras-feuerfest.de\/shop\/wp-json\/wp\/v2\/comments?post=7368"}],"wp:featuredmedia":[{"embeddable":true,"href":"https:\/\/www.ras-feuerfest.de\/shop\/wp-json\/wp\/v2\/media\/7758"}],"wp:attachment":[{"href":"https:\/\/www.ras-feuerfest.de\/shop\/wp-json\/wp\/v2\/media?parent=7368"}],"wp:term":[{"taxonomy":"product_safety_overall","embeddable":true,"href":"https:\/\/www.ras-feuerfest.de\/shop\/wp-json\/wp\/v2\/product_safety_overall?post=7368"},{"taxonomy":"product_brand","embeddable":true,"href":"https:\/\/www.ras-feuerfest.de\/shop\/wp-json\/wp\/v2\/product_brand?post=7368"},{"taxonomy":"product_cat","embeddable":true,"href":"https:\/\/www.ras-feuerfest.de\/shop\/wp-json\/wp\/v2\/product_cat?post=7368"},{"taxonomy":"product_tag","embeddable":true,"href":"https:\/\/www.ras-feuerfest.de\/shop\/wp-json\/wp\/v2\/product_tag?post=7368"}],"curies":[{"name":"wp","href":"https:\/\/api.w.org\/{rel}","templated":true}]}}