{"id":7414,"date":"2024-10-09T17:53:59","date_gmt":"2024-10-09T15:53:59","guid":{"rendered":"https:\/\/www.ras-feuerfest.de\/shop\/product\/buerstenstiel-verlaengerung-gedreht-2-fach-m10a-500-mm-laenge\/"},"modified":"2024-10-10T13:43:09","modified_gmt":"2024-10-10T11:43:09","slug":"buerstenstiel-verlaengerung-gedreht-2-fach-m10a-500-mm-laenge","status":"publish","type":"product","link":"https:\/\/www.ras-feuerfest.de\/shop\/produkt\/buerstenstiel-verlaengerung-gedreht-2-fach-m10a-500-mm-laenge\/","title":{"rendered":"B\u00fcrstenstiel-Verl\u00e4ngerung, gedreht (2 Fach)  M10a, 500 mm L\u00e4nge"},"content":{"rendered":"<p>\n\t<font color=\"#333333\" face=\"Verdana\" size=\"2\"><\/font><font size=\"2\" style=\"COLOR: rgb(51,51,51)\"><span style=\"FONT-FAMILY: Verdana\">B\u00fcrstenstiel gedreht, flexibel, mit angeformten Griff, M10 au\u00dfen<\/span><br style=\"FONT-FAMILY: Verdana\" \/><br \/>\n\t<br style=\"FONT-FAMILY: Verdana\" \/><br \/>\n\t<span style=\"FONT-WEIGHT: bold; FONT-STYLE: italic; FONT-FAMILY: Verdana\"><span style=\"TEXT-DECORATION: underline\">Abmessungen:<\/span> <\/span><span style=\"FONT-FAMILY: Verdana\">L\u00e4nge 500 mm<\/span><\/font><\/p>\n<p>B\u00fcrstenstiel-Verl\u00e4ngerung, gedreht (2 Fach)  M10a, 500 mm L\u00e4nge<\/p>\n","protected":false},"excerpt":{"rendered":"<p>B\u00fcrstenstiel gedreht, flexibel, mit angeformten Griff, M10 au\u00dfen Abmessungen: L\u00e4nge 500 mm B\u00fcrstenstiel-Verl\u00e4ngerung, gedreht (2 Fach) M10a, 500 mm L\u00e4nge<\/p>\n","protected":false},"featured_media":7776,"comment_status":"closed","ping_status":"open","template":"","meta":{"_acf_changed":false},"product_safety_overall":[],"product_brand":[],"product_cat":[1906,1913,1922],"product_tag":[790],"class_list":{"0":"post-7414","1":"product","2":"type-product","3":"status-publish","4":"has-post-thumbnail","6":"product_cat-reinigungsbuersten","7":"product_cat-m10-innen-gewinde","8":"product_cat-buerstenstiele-m10-gewinde","9":"product_tag-kesselreinigungsbuersten","11":"first","12":"instock","13":"taxable","14":"shipping-taxable","15":"purchasable","16":"product-type-simple"},"acf":[],"_links":{"self":[{"href":"https:\/\/www.ras-feuerfest.de\/shop\/wp-json\/wp\/v2\/product\/7414","targetHints":{"allow":["GET"]}}],"collection":[{"href":"https:\/\/www.ras-feuerfest.de\/shop\/wp-json\/wp\/v2\/product"}],"about":[{"href":"https:\/\/www.ras-feuerfest.de\/shop\/wp-json\/wp\/v2\/types\/product"}],"replies":[{"embeddable":true,"href":"https:\/\/www.ras-feuerfest.de\/shop\/wp-json\/wp\/v2\/comments?post=7414"}],"wp:featuredmedia":[{"embeddable":true,"href":"https:\/\/www.ras-feuerfest.de\/shop\/wp-json\/wp\/v2\/media\/7776"}],"wp:attachment":[{"href":"https:\/\/www.ras-feuerfest.de\/shop\/wp-json\/wp\/v2\/media?parent=7414"}],"wp:term":[{"taxonomy":"product_safety_overall","embeddable":true,"href":"https:\/\/www.ras-feuerfest.de\/shop\/wp-json\/wp\/v2\/product_safety_overall?post=7414"},{"taxonomy":"product_brand","embeddable":true,"href":"https:\/\/www.ras-feuerfest.de\/shop\/wp-json\/wp\/v2\/product_brand?post=7414"},{"taxonomy":"product_cat","embeddable":true,"href":"https:\/\/www.ras-feuerfest.de\/shop\/wp-json\/wp\/v2\/product_cat?post=7414"},{"taxonomy":"product_tag","embeddable":true,"href":"https:\/\/www.ras-feuerfest.de\/shop\/wp-json\/wp\/v2\/product_tag?post=7414"}],"curies":[{"name":"wp","href":"https:\/\/api.w.org\/{rel}","templated":true}]}}