{"id":7514,"date":"2024-10-09T17:54:35","date_gmt":"2024-10-09T15:54:35","guid":{"rendered":"https:\/\/www.ras-feuerfest.de\/shop\/product\/rechteckbuerste-mit-weichem-nylon-besatz-25x50-mm-laenge-500-mm-flexibler-stiel\/"},"modified":"2024-10-10T13:43:22","modified_gmt":"2024-10-10T11:43:22","slug":"rechteckbuerste-mit-weichem-nylon-besatz-25x50-mm-laenge-500-mm-flexibler-stiel","status":"publish","type":"product","link":"https:\/\/www.ras-feuerfest.de\/shop\/produkt\/rechteckbuerste-mit-weichem-nylon-besatz-25x50-mm-laenge-500-mm-flexibler-stiel\/","title":{"rendered":"Rechteckb\u00fcrste mit weichem NYLON Besatz 25&#215;50 mm \/ L\u00e4nge 500 mm, flexibler Stiel"},"content":{"rendered":"<p>\n\t<font color=\"#333333\" face=\"Verdana\" size=\"2\">Reinigungsstielb\u00fcrste mit weiche<\/font><font face=\"Verdana\">m <\/font>Nylonbesatz, gedrehter verzinkter Stiel, sehr flexibel<\/p>\n<p>\t<span style=\"font-weight: bold; text-decoration: underline;\">Abmessungen:<\/span> 25&#215;50 mm, Besatzl\u00e4nge 100 mm, Gesamtl\u00e4nge <font face=\"Verdana\">5<\/font>00 mm<\/p>\n<p>Rechteckb\u00fcrste mit weichem NYLON Besatz 25&#215;50 mm \/ L\u00e4nge 500 mm, flexibler Stiel<\/p>\n","protected":false},"excerpt":{"rendered":"<p>Reinigungsstielb\u00fcrste mit weichem Nylonbesatz, gedrehter verzinkter Stiel, sehr flexibel Abmessungen: 25&#215;50 mm, Besatzl\u00e4nge 100 mm, Gesamtl\u00e4nge 500 mm Rechteckb\u00fcrste mit weichem NYLON Besatz 25&#215;50 mm \/ L\u00e4nge 500 mm, flexibler Stiel<\/p>\n","protected":false},"featured_media":7805,"comment_status":"closed","ping_status":"open","template":"","meta":{"_acf_changed":false},"product_safety_overall":[],"product_brand":[],"product_cat":[1906,1923,1933,1934],"product_tag":[790,795],"class_list":{"0":"post-7514","1":"product","2":"type-product","3":"status-publish","4":"has-post-thumbnail","6":"product_cat-reinigungsbuersten","7":"product_cat-reinigungsbuersten-stielbuersten","8":"product_cat-reinigungsbuersten-stielbuersten-thermbuersten-mit-stiel","9":"product_cat-reinigungsbuersten-stielbuersten-thermbuersten-mit-stiel-rechteckbuerste","10":"product_tag-kesselreinigungsbuersten","11":"product_tag-thermenbuersten","13":"first","14":"instock","15":"taxable","16":"shipping-taxable","17":"purchasable","18":"product-type-simple"},"acf":[],"_links":{"self":[{"href":"https:\/\/www.ras-feuerfest.de\/shop\/wp-json\/wp\/v2\/product\/7514","targetHints":{"allow":["GET"]}}],"collection":[{"href":"https:\/\/www.ras-feuerfest.de\/shop\/wp-json\/wp\/v2\/product"}],"about":[{"href":"https:\/\/www.ras-feuerfest.de\/shop\/wp-json\/wp\/v2\/types\/product"}],"replies":[{"embeddable":true,"href":"https:\/\/www.ras-feuerfest.de\/shop\/wp-json\/wp\/v2\/comments?post=7514"}],"wp:featuredmedia":[{"embeddable":true,"href":"https:\/\/www.ras-feuerfest.de\/shop\/wp-json\/wp\/v2\/media\/7805"}],"wp:attachment":[{"href":"https:\/\/www.ras-feuerfest.de\/shop\/wp-json\/wp\/v2\/media?parent=7514"}],"wp:term":[{"taxonomy":"product_safety_overall","embeddable":true,"href":"https:\/\/www.ras-feuerfest.de\/shop\/wp-json\/wp\/v2\/product_safety_overall?post=7514"},{"taxonomy":"product_brand","embeddable":true,"href":"https:\/\/www.ras-feuerfest.de\/shop\/wp-json\/wp\/v2\/product_brand?post=7514"},{"taxonomy":"product_cat","embeddable":true,"href":"https:\/\/www.ras-feuerfest.de\/shop\/wp-json\/wp\/v2\/product_cat?post=7514"},{"taxonomy":"product_tag","embeddable":true,"href":"https:\/\/www.ras-feuerfest.de\/shop\/wp-json\/wp\/v2\/product_tag?post=7514"}],"curies":[{"name":"wp","href":"https:\/\/api.w.org\/{rel}","templated":true}]}}