{"id":7536,"date":"2024-10-09T17:54:54","date_gmt":"2024-10-09T15:54:54","guid":{"rendered":"https:\/\/www.ras-feuerfest.de\/shop\/product\/handfeger-mit-gewelltem-messingbesatz\/"},"modified":"2024-10-10T13:42:53","modified_gmt":"2024-10-10T11:42:53","slug":"handfeger-mit-gewelltem-messingbesatz","status":"publish","type":"product","link":"https:\/\/www.ras-feuerfest.de\/shop\/produkt\/handfeger-mit-gewelltem-messingbesatz\/","title":{"rendered":"Handfeger mit gewelltem Messingbesatz"},"content":{"rendered":"<p>\n\t<font color=\"#333333\" face=\"Verdana\" size=\"2\">Handfeger mit Messingbesatz gewellt.<br \/>\n\tDer Holzschaft&nbsp;hat eine Gesamtl\u00e4nge<br \/>\n\tvon&nbsp;300 mm<br \/>\n\tBesatzl\u00e4nge 160 mm<br \/>\n\tBesatzh\u00f6he 40 mm<\/font><\/p>\n<p>Handfeger mit gewelltem Messingbesatz<\/p>\n","protected":false},"excerpt":{"rendered":"<p>Handfeger mit Messingbesatz gewellt. Der Holzschaft&nbsp;hat eine Gesamtl\u00e4nge von&nbsp;300 mm Besatzl\u00e4nge 160 mm Besatzh\u00f6he 40 mm Handfeger mit gewelltem Messingbesatz<\/p>\n","protected":false},"featured_media":7812,"comment_status":"closed","ping_status":"open","template":"","meta":{"_acf_changed":false},"product_safety_overall":[],"product_brand":[],"product_cat":[1906,1907,1909],"product_tag":[799],"class_list":{"0":"post-7536","1":"product","2":"type-product","3":"status-publish","4":"has-post-thumbnail","6":"product_cat-reinigungsbuersten","7":"product_cat-reinigungsbuersten-handbuersten-handfeger-pinsel","8":"product_cat-reinigungsbuersten-handbuersten-handfeger-pinsel-handfeger","9":"product_tag-handfeger","11":"first","12":"instock","13":"taxable","14":"shipping-taxable","15":"purchasable","16":"product-type-simple"},"acf":[],"_links":{"self":[{"href":"https:\/\/www.ras-feuerfest.de\/shop\/wp-json\/wp\/v2\/product\/7536","targetHints":{"allow":["GET"]}}],"collection":[{"href":"https:\/\/www.ras-feuerfest.de\/shop\/wp-json\/wp\/v2\/product"}],"about":[{"href":"https:\/\/www.ras-feuerfest.de\/shop\/wp-json\/wp\/v2\/types\/product"}],"replies":[{"embeddable":true,"href":"https:\/\/www.ras-feuerfest.de\/shop\/wp-json\/wp\/v2\/comments?post=7536"}],"wp:featuredmedia":[{"embeddable":true,"href":"https:\/\/www.ras-feuerfest.de\/shop\/wp-json\/wp\/v2\/media\/7812"}],"wp:attachment":[{"href":"https:\/\/www.ras-feuerfest.de\/shop\/wp-json\/wp\/v2\/media?parent=7536"}],"wp:term":[{"taxonomy":"product_safety_overall","embeddable":true,"href":"https:\/\/www.ras-feuerfest.de\/shop\/wp-json\/wp\/v2\/product_safety_overall?post=7536"},{"taxonomy":"product_brand","embeddable":true,"href":"https:\/\/www.ras-feuerfest.de\/shop\/wp-json\/wp\/v2\/product_brand?post=7536"},{"taxonomy":"product_cat","embeddable":true,"href":"https:\/\/www.ras-feuerfest.de\/shop\/wp-json\/wp\/v2\/product_cat?post=7536"},{"taxonomy":"product_tag","embeddable":true,"href":"https:\/\/www.ras-feuerfest.de\/shop\/wp-json\/wp\/v2\/product_tag?post=7536"}],"curies":[{"name":"wp","href":"https:\/\/api.w.org\/{rel}","templated":true}]}}