{"id":7589,"date":"2024-10-09T17:55:21","date_gmt":"2024-10-09T15:55:21","guid":{"rendered":"https:\/\/www.ras-feuerfest.de\/shop\/product\/tempsil-silikondichtung-d-10-mm-5-meter-box\/"},"modified":"2024-10-10T13:42:19","modified_gmt":"2024-10-10T11:42:19","slug":"tempsil-silikondichtung-d-10-mm-5-meter-box","status":"publish","type":"product","link":"https:\/\/www.ras-feuerfest.de\/shop\/produkt\/tempsil-silikondichtung-d-10-mm-5-meter-box\/","title":{"rendered":"Tempsil Silikondichtung D 10 mm \/ 5 Meter Box"},"content":{"rendered":"<p>\n\t<span style=\"color:#ef6d0b;\"><strong>TEMPSIL<\/strong><\/span> Hochtemperatur Silikondichtschnur<\/p>\n<p>\n\tHohe Temperaturbest\u00e4ndigkeit, leichtes Zuschneiden, (kein &#8222;ausfransen &#8220; an den Schnurrenden),<br \/>\n\tproblemloses einbringen, sehr gute R\u00fcckstelleigenschaften.<\/p>\n<p>\n\t<u>Anwendungsm\u00f6glichkeiten:<\/u><br \/>\n\tDiuchtungsschn\u00fcre im Kessel- und Apparatebau, (z.B. Ofent\u00fcren, Rauchgas- und L\u00fcftungsklappen).<br \/>\n\tKamin- und Kachelofenbau, f\u00fcr Dehnungsfugen im Mauerwerk, etc.<\/p>\n<p>\n\t<span style=\"color:#ef6d0b;\"><strong><u>Max. Anwendungstemperatur: 300 \u00b0C<\/u><\/strong><\/span><br \/>\n\t&nbsp;<\/p>\n<p>\n\tDurchmesser: 10 mm<br \/>\n\tL\u00e4nge:&nbsp;&nbsp;&nbsp;&nbsp;&nbsp;&nbsp;&nbsp;&nbsp;&nbsp;&nbsp;&nbsp;&nbsp;&nbsp;&nbsp;&nbsp; 5 Meter<\/p>\n<p>Tempsil Silikondichtung D 10 mm \/ 5 Meter Box<\/p>\n","protected":false},"excerpt":{"rendered":"<p>TEMPSIL Hochtemperatur Silikondichtschnur Hohe Temperaturbest\u00e4ndigkeit, leichtes Zuschneiden, (kein &#8222;ausfransen &#8220; an den Schnurrenden), problemloses einbringen, sehr gute R\u00fcckstelleigenschaften. Anwendungsm\u00f6glichkeiten: Diuchtungsschn\u00fcre im Kessel- und Apparatebau, (z.B. Ofent\u00fcren, Rauchgas- und L\u00fcftungsklappen). Kamin- und Kachelofenbau, f\u00fcr Dehnungsfugen im Mauerwerk, etc. Max. Anwendungstemperatur: 300 \u00b0C &nbsp; Durchmesser: 10 mm L\u00e4nge:&nbsp;&nbsp;&nbsp;&nbsp;&nbsp;&nbsp;&nbsp;&nbsp;&nbsp;&nbsp;&nbsp;&nbsp;&nbsp;&nbsp;&nbsp; 5 Meter Tempsil Silikondichtung D 10 mm \/ 5 [&hellip;]<\/p>\n","protected":false},"featured_media":0,"comment_status":"closed","ping_status":"open","template":"","meta":{"_acf_changed":false},"product_safety_overall":[],"product_brand":[],"product_cat":[1806,1847,1868,1869],"product_tag":[814],"class_list":{"0":"post-7589","1":"product","2":"type-product","3":"status-publish","5":"product_cat-firetex","6":"product_cat-firetex-dichtungsschnuere-rund","7":"product_cat-firetex-dichtungsschnuere-rund-silikon-hochtemperatur","8":"product_cat-firetex-dichtungsschnuere-rund-silikon-hochtemperatur-5-meter","9":"product_tag-silikonrundschnur","11":"first","12":"instock","13":"taxable","14":"shipping-taxable","15":"purchasable","16":"product-type-simple"},"acf":[],"_links":{"self":[{"href":"https:\/\/www.ras-feuerfest.de\/shop\/wp-json\/wp\/v2\/product\/7589","targetHints":{"allow":["GET"]}}],"collection":[{"href":"https:\/\/www.ras-feuerfest.de\/shop\/wp-json\/wp\/v2\/product"}],"about":[{"href":"https:\/\/www.ras-feuerfest.de\/shop\/wp-json\/wp\/v2\/types\/product"}],"replies":[{"embeddable":true,"href":"https:\/\/www.ras-feuerfest.de\/shop\/wp-json\/wp\/v2\/comments?post=7589"}],"wp:attachment":[{"href":"https:\/\/www.ras-feuerfest.de\/shop\/wp-json\/wp\/v2\/media?parent=7589"}],"wp:term":[{"taxonomy":"product_safety_overall","embeddable":true,"href":"https:\/\/www.ras-feuerfest.de\/shop\/wp-json\/wp\/v2\/product_safety_overall?post=7589"},{"taxonomy":"product_brand","embeddable":true,"href":"https:\/\/www.ras-feuerfest.de\/shop\/wp-json\/wp\/v2\/product_brand?post=7589"},{"taxonomy":"product_cat","embeddable":true,"href":"https:\/\/www.ras-feuerfest.de\/shop\/wp-json\/wp\/v2\/product_cat?post=7589"},{"taxonomy":"product_tag","embeddable":true,"href":"https:\/\/www.ras-feuerfest.de\/shop\/wp-json\/wp\/v2\/product_tag?post=7589"}],"curies":[{"name":"wp","href":"https:\/\/api.w.org\/{rel}","templated":true}]}}