{"id":7624,"date":"2024-10-09T17:55:32","date_gmt":"2024-10-09T15:55:32","guid":{"rendered":"https:\/\/www.ras-feuerfest.de\/shop\/product\/chemotechnik-russpumpenfett-10-ml\/"},"modified":"2024-10-10T14:45:41","modified_gmt":"2024-10-10T12:45:41","slug":"chemotechnik-russpumpenfett-10-ml","status":"publish","type":"product","link":"https:\/\/www.ras-feuerfest.de\/shop\/produkt\/chemotechnik-russpumpenfett-10-ml\/","title":{"rendered":"CHEMOTECHNIK Ru\u00dfpumpenfett 10 ml"},"content":{"rendered":"<p>\n\t<font color=\"#333333\" face=\"Verdana\" size=\"2\"><span style=\"font-weight: bold;\"><span style=\"color: rgb(255, 0, 0);\"><font size=\"2\"><span style=\"font-family: Verdana;\">chemo C2110 Ru\u00dfpumpenfett <\/span><\/font><\/span><\/span><span style=\"color: rgb(255, 0, 0);\"><font size=\"2\"><span style=\"font-family: Verdana;\"><span style=\"color: rgb(51, 51, 51);\">ist wasserabweisendes Trenn- Gleit- und Schmiermittel, <\/span><\/span><\/font><\/span><br \/>\n\t<span style=\"color: rgb(255, 0, 0);\"><font size=\"2\"><span style=\"font-family: Verdana;\"><span style=\"color: rgb(51, 51, 51);\"><strong><span style=\"color: rgb(255, 0, 0);\">C2110 <\/span><\/strong>ist ein geruchsloses, hitze- und k\u00e4ltebest\u00e4ndiges hochwertiges Silikon\u00f6l mit hervorragenden Trenn- und Gleiteigenschaften.<\/span><\/span><\/font><\/span><\/font><br \/>\n\t<font color=\"#333333\" face=\"Verdana\" size=\"2\"><span style=\"color: rgb(255, 0, 0);\"><font size=\"2\"><span style=\"font-family: Verdana;\"><span style=\"color: rgb(51, 51, 51);\"><font color=\"#333333\" face=\"Verdana\" size=\"2\"><span style=\"color: rgb(255, 0, 0);\"><font size=\"2\"><span style=\"font-family: Verdana;\"><span style=\"color: rgb(51, 51, 51);\"><strong><span style=\"color: rgb(255, 0, 0);\">C2110 <\/span><\/strong><span style=\"color: rgb(255, 0, 0);\"><span style=\"color:#080808;\">ist sparsam da hoher Silikon\u00f6l anteil.<\/span><\/span><\/span><\/span><\/font><\/span><\/font><\/p>\n<p>\t<span style=\"text-decoration: underline; font-style: italic;\">Einsatzm\u00f6glichkeiten:<\/span><span style=\"font-style: italic;\"> Ru\u00dfpumpenkolben, Schl\u00f6sser, Zylinderschl\u00f6sser, Scharniere, Teleskop- antennen, verhindert Anfrieren der Dichtungen im Auto, K\u00fchlschrank, <\/span><\/span><\/span><\/font><\/span><span style=\"color: rgb(255, 0, 0); font-style: italic;\"><font size=\"2\"><span style=\"font-family: Verdana;\"><span style=\"color: rgb(51, 51, 51);\">versiegeln von Stoffen und Schuhen, zum schmieren mot Fahr\u00e4dern und Mopeds, etc.<\/span><\/span><\/font><font size=\"2\"><span style=\"font-family: Verdana;\"><span style=\"color: rgb(51, 51, 51);\">, vermeidet Korrosion an allen Metallen durch einen lang anhaltenden Silikonfilm.<\/span><\/span><\/font><\/span><\/p>\n<p>\t<u><span style=\"color: rgb(255, 0, 0);\"><font size=\"2\"><span style=\"font-family: Verdana;\"><span style=\"color: rgb(51, 51, 51);\">Inhalt: 10 ml PE-Flasche<\/span><\/span><\/font><\/span><\/u><\/font><\/p>\n<p>CHEMOTECHNIK Ru\u00dfpumpenfett 10 ml<\/p>\n","protected":false},"excerpt":{"rendered":"<p>chemo C2110 Ru\u00dfpumpenfett ist wasserabweisendes Trenn- Gleit- und Schmiermittel, C2110 ist ein geruchsloses, hitze- und k\u00e4ltebest\u00e4ndiges hochwertiges Silikon\u00f6l mit hervorragenden Trenn- und Gleiteigenschaften. C2110 ist sparsam da hoher Silikon\u00f6l anteil. Einsatzm\u00f6glichkeiten: Ru\u00dfpumpenkolben, Schl\u00f6sser, Zylinderschl\u00f6sser, Scharniere, Teleskop- antennen, verhindert Anfrieren der Dichtungen im Auto, K\u00fchlschrank, versiegeln von Stoffen und Schuhen, zum schmieren mot Fahr\u00e4dern und Mopeds, [&hellip;]<\/p>\n","protected":false},"featured_media":7849,"comment_status":"closed","ping_status":"closed","template":"","meta":{"_acf_changed":false},"product_safety_overall":[],"product_brand":[],"product_cat":[1798,1803,1805],"product_tag":[822,823],"class_list":{"0":"post-7624","1":"product","2":"type-product","3":"status-publish","4":"has-post-thumbnail","6":"product_cat-chemotechnik","7":"product_cat-chemotechnik-koservierungs-und-silikonoele","8":"product_cat-chemotechnik-messfluessigkeit","9":"product_tag-russpumpenfett","10":"product_tag-silikonoel","12":"first","13":"instock","14":"taxable","15":"shipping-taxable","16":"purchasable","17":"product-type-simple"},"acf":[],"_links":{"self":[{"href":"https:\/\/www.ras-feuerfest.de\/shop\/wp-json\/wp\/v2\/product\/7624","targetHints":{"allow":["GET"]}}],"collection":[{"href":"https:\/\/www.ras-feuerfest.de\/shop\/wp-json\/wp\/v2\/product"}],"about":[{"href":"https:\/\/www.ras-feuerfest.de\/shop\/wp-json\/wp\/v2\/types\/product"}],"replies":[{"embeddable":true,"href":"https:\/\/www.ras-feuerfest.de\/shop\/wp-json\/wp\/v2\/comments?post=7624"}],"wp:featuredmedia":[{"embeddable":true,"href":"https:\/\/www.ras-feuerfest.de\/shop\/wp-json\/wp\/v2\/media\/7849"}],"wp:attachment":[{"href":"https:\/\/www.ras-feuerfest.de\/shop\/wp-json\/wp\/v2\/media?parent=7624"}],"wp:term":[{"taxonomy":"product_safety_overall","embeddable":true,"href":"https:\/\/www.ras-feuerfest.de\/shop\/wp-json\/wp\/v2\/product_safety_overall?post=7624"},{"taxonomy":"product_brand","embeddable":true,"href":"https:\/\/www.ras-feuerfest.de\/shop\/wp-json\/wp\/v2\/product_brand?post=7624"},{"taxonomy":"product_cat","embeddable":true,"href":"https:\/\/www.ras-feuerfest.de\/shop\/wp-json\/wp\/v2\/product_cat?post=7624"},{"taxonomy":"product_tag","embeddable":true,"href":"https:\/\/www.ras-feuerfest.de\/shop\/wp-json\/wp\/v2\/product_tag?post=7624"}],"curies":[{"name":"wp","href":"https:\/\/api.w.org\/{rel}","templated":true}]}}